{"id":403,"date":"2024-10-07T12:02:02","date_gmt":"2024-10-07T10:02:02","guid":{"rendered":"https:\/\/harom.tizennegy.hu\/papirusz\/?page_id=403"},"modified":"2025-10-09T11:24:49","modified_gmt":"2025-10-09T09:24:49","slug":"csak-meg-egy-nap","status":"publish","type":"page","link":"https:\/\/harom.tizennegy.hu\/papirusz\/tortenetek\/csak-meg-egy-nap\/","title":{"rendered":"Csak m\u00e9g egy nap"},"content":{"rendered":"\n<p>B\u00e9la, \u00e9lete egy monoton k\u00f6rforg\u00e1s. Minden nap ugyan\u00fagy telik, mik\u00f6zben a vil\u00e1g f\u00e1radhatatlanul mozog k\u00f6r\u00fcl\u00f6tte. Egy \u00e1tlagos est\u00e9n azonban egy baleset sor\u00e1n furcsa fordulatot vesz az \u00e9lete: egy id\u0151hurokba ker\u00fcl, ahol a napok \u00fajra \u00e9s \u00fajra megism\u00e9tl\u0151dnek. B\u00e9la k\u00e9nytelen szemben\u00e9zni azzal, hogy minden v\u00e1laszt\u00e1sa k\u00f6vetkezm\u00e9nyek n\u00e9lk\u00fcl marad, \u00e9s mik\u00f6zben egyre m\u00e9lyebbre mer\u00fcl ebben a v\u00e9gtelen k\u00f6rforg\u00e1sban, r\u00e1j\u00f6n, hogy a val\u00f3di k\u00e9rd\u00e9s nem az, hogyan menek\u00fclhet, hanem hogy mit kezd ezzel az ism\u00e9tl\u0151d\u0151 val\u00f3s\u00e1ggal. De meddig tart a v\u00e9gtelen, \u00e9s vajon van-e es\u00e9ly arra, hogy valaha kit\u00f6rj\u00f6n?<\/p>\n\n\n\n<p><a href=\"https:\/\/harom.tizennegy.hu\/papirusz\/tortenetek\/csak-meg-egy-nap\/elso-konyv\/csak-meg-egy-nap-0-ciklus-1-resz\/\" data-type=\"page\" data-id=\"399\">A t\u00f6rt\u00e9net itt kezd\u0151dik!<\/a><\/p>\n\n\n\n<h2 class=\"wp-block-heading\">Tartalomjegyz\u00e9k<\/h2>\n\n\n<ul class=\"wp-block-page-list\"><li class=\"wp-block-pages-list__item has-child\"><a class=\"wp-block-pages-list__item__link\" href=\"https:\/\/harom.tizennegy.hu\/papirusz\/tortenetek\/csak-meg-egy-nap\/elso-konyv\/\">Els\u0151 k\u00f6nyv<\/a><ul class=\"wp-block-navigation__submenu-container\"><li class=\"wp-block-pages-list__item \"><a class=\"wp-block-pages-list__item__link\" href=\"https:\/\/harom.tizennegy.hu\/papirusz\/tortenetek\/csak-meg-egy-nap\/elso-konyv\/csak-meg-egy-nap-0-ciklus-1-resz\/\">Csak m\u00e9g egy nap &#8211; 0. ciklus &#8211; 1. r\u00e9sz<\/a><\/li><li class=\"wp-block-pages-list__item \"><a class=\"wp-block-pages-list__item__link\" href=\"https:\/\/harom.tizennegy.hu\/papirusz\/tortenetek\/csak-meg-egy-nap\/elso-konyv\/csak-meg-egy-nap-0-ciklus-2-resz\/\">Csak m\u00e9g egy nap &#8211; 0. ciklus &#8211; 2. r\u00e9sz<\/a><\/li><li class=\"wp-block-pages-list__item \"><a class=\"wp-block-pages-list__item__link\" href=\"https:\/\/harom.tizennegy.hu\/papirusz\/tortenetek\/csak-meg-egy-nap\/elso-konyv\/csak-meg-egy-nap-0-ciklus-3-resz\/\">Csak m\u00e9g egy nap &#8211; 0. ciklus &#8211; 3. r\u00e9sz<\/a><\/li><li class=\"wp-block-pages-list__item \"><a class=\"wp-block-pages-list__item__link\" href=\"https:\/\/harom.tizennegy.hu\/papirusz\/tortenetek\/csak-meg-egy-nap\/elso-konyv\/csak-meg-egy-nap-elso-atmenet\/\">Csak m\u00e9g egy nap &#8211; Els\u0151 \u00e1tmenet<\/a><\/li><li class=\"wp-block-pages-list__item \"><a class=\"wp-block-pages-list__item__link\" href=\"https:\/\/harom.tizennegy.hu\/papirusz\/tortenetek\/csak-meg-egy-nap\/elso-konyv\/csak-meg-egy-nap-1-ciklus-1-resz\/\">Csak m\u00e9g egy nap \u2013 1. ciklus \u2013 1. r\u00e9sz<\/a><\/li><li class=\"wp-block-pages-list__item \"><a class=\"wp-block-pages-list__item__link\" href=\"https:\/\/harom.tizennegy.hu\/papirusz\/tortenetek\/csak-meg-egy-nap\/elso-konyv\/csak-meg-egy-nap-1-ciklus-2-resz\/\">Csak m\u00e9g egy nap \u2013 1. ciklus \u2013 2. r\u00e9sz<\/a><\/li><li class=\"wp-block-pages-list__item \"><a class=\"wp-block-pages-list__item__link\" href=\"https:\/\/harom.tizennegy.hu\/papirusz\/tortenetek\/csak-meg-egy-nap\/elso-konyv\/csak-meg-egy-nap-1-ciklus-3-resz\/\">Csak m\u00e9g egy nap \u2013 1. ciklus \u2013 3. r\u00e9sz<\/a><\/li><li class=\"wp-block-pages-list__item \"><a class=\"wp-block-pages-list__item__link\" href=\"https:\/\/harom.tizennegy.hu\/papirusz\/tortenetek\/csak-meg-egy-nap\/elso-konyv\/csak-meg-egy-nap-1-ciklus-4-resz\/\">Csak m\u00e9g egy nap \u2013 1. ciklus \u2013 4. r\u00e9sz<\/a><\/li><li class=\"wp-block-pages-list__item \"><a class=\"wp-block-pages-list__item__link\" href=\"https:\/\/harom.tizennegy.hu\/papirusz\/tortenetek\/csak-meg-egy-nap\/elso-konyv\/csak-meg-egy-nap-1-ciklus-5-resz\/\">Csak m\u00e9g egy nap \u2013 1. ciklus \u2013 5. r\u00e9sz<\/a><\/li><li class=\"wp-block-pages-list__item \"><a class=\"wp-block-pages-list__item__link\" href=\"https:\/\/harom.tizennegy.hu\/papirusz\/tortenetek\/csak-meg-egy-nap\/elso-konyv\/csak-meg-egy-nap-1-ciklus-6-resz\/\">Csak m\u00e9g egy nap \u2013 1. ciklus \u2013 6. r\u00e9sz<\/a><\/li><li class=\"wp-block-pages-list__item \"><a class=\"wp-block-pages-list__item__link\" href=\"https:\/\/harom.tizennegy.hu\/papirusz\/tortenetek\/csak-meg-egy-nap\/elso-konyv\/masodik-atmenet\/\">Csak m\u00e9g egy nap \u2013 M\u00e1sodik \u00e1tmenet<\/a><\/li><li class=\"wp-block-pages-list__item \"><a class=\"wp-block-pages-list__item__link\" href=\"https:\/\/harom.tizennegy.hu\/papirusz\/tortenetek\/csak-meg-egy-nap\/elso-konyv\/csak-meg-egy-nap-2-ciklus-1-resz\/\">Csak m\u00e9g egy nap \u2013 2. ciklus \u2013 1. r\u00e9sz<\/a><\/li><li class=\"wp-block-pages-list__item \"><a class=\"wp-block-pages-list__item__link\" href=\"https:\/\/harom.tizennegy.hu\/papirusz\/tortenetek\/csak-meg-egy-nap\/elso-konyv\/csak-meg-egy-nap-2-ciklus-2-resz\/\">Csak m\u00e9g egy nap \u2013 2. ciklus \u2013 2. r\u00e9sz<\/a><\/li><li class=\"wp-block-pages-list__item \"><a class=\"wp-block-pages-list__item__link\" href=\"https:\/\/harom.tizennegy.hu\/papirusz\/tortenetek\/csak-meg-egy-nap\/elso-konyv\/csak-meg-egy-nap-2-ciklus-3-resz\/\">Csak m\u00e9g egy nap \u2013 2. ciklus \u2013 3. r\u00e9sz<\/a><\/li><li class=\"wp-block-pages-list__item \"><a class=\"wp-block-pages-list__item__link\" href=\"https:\/\/harom.tizennegy.hu\/papirusz\/tortenetek\/csak-meg-egy-nap\/elso-konyv\/csak-meg-egy-nap-2-ciklus-4-resz\/\">Csak m\u00e9g egy nap \u2013 2. ciklus \u2013 4. r\u00e9sz<\/a><\/li><li class=\"wp-block-pages-list__item \"><a class=\"wp-block-pages-list__item__link\" href=\"https:\/\/harom.tizennegy.hu\/papirusz\/tortenetek\/csak-meg-egy-nap\/elso-konyv\/csak-meg-egy-nap-2-ciklus-5-resz\/\">Csak m\u00e9g egy nap \u2013 2. ciklus \u2013 5. r\u00e9sz<\/a><\/li><li class=\"wp-block-pages-list__item \"><a class=\"wp-block-pages-list__item__link\" href=\"https:\/\/harom.tizennegy.hu\/papirusz\/tortenetek\/csak-meg-egy-nap\/elso-konyv\/csak-meg-egy-nap-2-ciklus-6-resz\/\">Csak m\u00e9g egy nap \u2013 2. ciklus \u2013 6. r\u00e9sz<\/a><\/li><li class=\"wp-block-pages-list__item \"><a class=\"wp-block-pages-list__item__link\" href=\"https:\/\/harom.tizennegy.hu\/papirusz\/tortenetek\/csak-meg-egy-nap\/elso-konyv\/harmadik-atmenet\/\">Csak m\u00e9g egy nap \u2013 Harmadik \u00e1tmenet<\/a><\/li><li class=\"wp-block-pages-list__item \"><a class=\"wp-block-pages-list__item__link\" href=\"https:\/\/harom.tizennegy.hu\/papirusz\/tortenetek\/csak-meg-egy-nap\/elso-konyv\/csak-meg-egy-nap-3-ciklus-1-resz\/\">Csak m\u00e9g egy nap \u2013 3. ciklus \u2013 1. r\u00e9sz<\/a><\/li><li class=\"wp-block-pages-list__item \"><a class=\"wp-block-pages-list__item__link\" href=\"https:\/\/harom.tizennegy.hu\/papirusz\/tortenetek\/csak-meg-egy-nap\/elso-konyv\/csak-meg-egy-nap-3-ciklus-2-resz\/\">Csak m\u00e9g egy nap \u2013 3. ciklus \u2013 2. r\u00e9sz<\/a><\/li><li class=\"wp-block-pages-list__item \"><a class=\"wp-block-pages-list__item__link\" href=\"https:\/\/harom.tizennegy.hu\/papirusz\/tortenetek\/csak-meg-egy-nap\/elso-konyv\/csak-meg-egy-nap-3-ciklus-3-resz\/\">Csak m\u00e9g egy nap \u2013 3. ciklus \u2013 3. r\u00e9sz<\/a><\/li><li class=\"wp-block-pages-list__item \"><a class=\"wp-block-pages-list__item__link\" href=\"https:\/\/harom.tizennegy.hu\/papirusz\/tortenetek\/csak-meg-egy-nap\/elso-konyv\/csak-meg-egy-nap-3-ciklus-4-resz\/\">Csak m\u00e9g egy nap \u2013 3. ciklus \u2013 4. r\u00e9sz<\/a><\/li><li class=\"wp-block-pages-list__item \"><a class=\"wp-block-pages-list__item__link\" href=\"https:\/\/harom.tizennegy.hu\/papirusz\/tortenetek\/csak-meg-egy-nap\/elso-konyv\/csak-meg-egy-nap-3-ciklus-5-resz\/\">Csak m\u00e9g egy nap \u2013 3. ciklus \u2013 5. r\u00e9sz<\/a><\/li><li class=\"wp-block-pages-list__item \"><a class=\"wp-block-pages-list__item__link\" href=\"https:\/\/harom.tizennegy.hu\/papirusz\/tortenetek\/csak-meg-egy-nap\/elso-konyv\/az-ebredes\/\">Csak m\u00e9g egy nap \u2013 Az \u00e9bred\u00e9s<\/a><\/li><\/ul><\/li><\/ul><div class=\"pvc_clear\"><\/div><p id=\"pvc_stats_403\" class=\"pvc_stats total_only  \" data-element-id=\"403\" style=\"\"><i class=\"pvc-stats-icon medium\" aria-hidden=\"true\"><svg aria-hidden=\"true\" focusable=\"false\" data-prefix=\"far\" data-icon=\"chart-bar\" role=\"img\" xmlns=\"http:\/\/www.w3.org\/2000\/svg\" viewBox=\"0 0 512 512\" class=\"svg-inline--fa fa-chart-bar fa-w-16 fa-2x\"><path fill=\"currentColor\" d=\"M396.8 352h22.4c6.4 0 12.8-6.4 12.8-12.8V108.8c0-6.4-6.4-12.8-12.8-12.8h-22.4c-6.4 0-12.8 6.4-12.8 12.8v230.4c0 6.4 6.4 12.8 12.8 12.8zm-192 0h22.4c6.4 0 12.8-6.4 12.8-12.8V140.8c0-6.4-6.4-12.8-12.8-12.8h-22.4c-6.4 0-12.8 6.4-12.8 12.8v198.4c0 6.4 6.4 12.8 12.8 12.8zm96 0h22.4c6.4 0 12.8-6.4 12.8-12.8V204.8c0-6.4-6.4-12.8-12.8-12.8h-22.4c-6.4 0-12.8 6.4-12.8 12.8v134.4c0 6.4 6.4 12.8 12.8 12.8zM496 400H48V80c0-8.84-7.16-16-16-16H16C7.16 64 0 71.16 0 80v336c0 17.67 14.33 32 32 32h464c8.84 0 16-7.16 16-16v-16c0-8.84-7.16-16-16-16zm-387.2-48h22.4c6.4 0 12.8-6.4 12.8-12.8v-70.4c0-6.4-6.4-12.8-12.8-12.8h-22.4c-6.4 0-12.8 6.4-12.8 12.8v70.4c0 6.4 6.4 12.8 12.8 12.8z\" class=\"\"><\/path><\/svg><\/i> <img loading=\"lazy\" decoding=\"async\" width=\"16\" height=\"16\" alt=\"Loading\" src=\"https:\/\/harom.tizennegy.hu\/papirusz\/wp-content\/plugins\/page-views-count\/ajax-loader-2x.gif\" border=0 \/><\/p><div class=\"pvc_clear\"><\/div>","protected":false},"excerpt":{"rendered":"<p>B\u00e9la, \u00e9lete egy monoton k\u00f6rforg\u00e1s. Minden nap ugyan\u00fagy telik, mik\u00f6zben a vil\u00e1g f\u00e1radhatatlanul mozog k\u00f6r\u00fcl\u00f6tte. Egy \u00e1tlagos est\u00e9n azonban egy baleset sor\u00e1n furcsa fordulatot vesz az \u00e9lete: egy id\u0151hurokba ker\u00fcl, ahol a napok \u00fajra \u00e9s \u00fajra megism\u00e9tl\u0151dnek. B\u00e9la k\u00e9nytelen szemben\u00e9zni azzal, hogy minden v\u00e1laszt\u00e1sa k\u00f6vetkezm\u00e9nyek n\u00e9lk\u00fcl marad, \u00e9s mik\u00f6zben egyre m\u00e9lyebbre mer\u00fcl ebben a v\u00e9gtelen &#8230; <a title=\"Csak m\u00e9g egy nap\" class=\"read-more\" href=\"https:\/\/harom.tizennegy.hu\/papirusz\/tortenetek\/csak-meg-egy-nap\/\" aria-label=\"Read more about Csak m\u00e9g egy nap\">Olvass tov\u00e1bb<\/a><\/p>\n<div class=\"pvc_clear\"><\/div>\n<p id=\"pvc_stats_403\" class=\"pvc_stats total_only  \" data-element-id=\"403\" style=\"\"><i class=\"pvc-stats-icon medium\" aria-hidden=\"true\"><svg aria-hidden=\"true\" focusable=\"false\" data-prefix=\"far\" data-icon=\"chart-bar\" role=\"img\" xmlns=\"http:\/\/www.w3.org\/2000\/svg\" viewBox=\"0 0 512 512\" class=\"svg-inline--fa fa-chart-bar fa-w-16 fa-2x\"><path fill=\"currentColor\" d=\"M396.8 352h22.4c6.4 0 12.8-6.4 12.8-12.8V108.8c0-6.4-6.4-12.8-12.8-12.8h-22.4c-6.4 0-12.8 6.4-12.8 12.8v230.4c0 6.4 6.4 12.8 12.8 12.8zm-192 0h22.4c6.4 0 12.8-6.4 12.8-12.8V140.8c0-6.4-6.4-12.8-12.8-12.8h-22.4c-6.4 0-12.8 6.4-12.8 12.8v198.4c0 6.4 6.4 12.8 12.8 12.8zm96 0h22.4c6.4 0 12.8-6.4 12.8-12.8V204.8c0-6.4-6.4-12.8-12.8-12.8h-22.4c-6.4 0-12.8 6.4-12.8 12.8v134.4c0 6.4 6.4 12.8 12.8 12.8zM496 400H48V80c0-8.84-7.16-16-16-16H16C7.16 64 0 71.16 0 80v336c0 17.67 14.33 32 32 32h464c8.84 0 16-7.16 16-16v-16c0-8.84-7.16-16-16-16zm-387.2-48h22.4c6.4 0 12.8-6.4 12.8-12.8v-70.4c0-6.4-6.4-12.8-12.8-12.8h-22.4c-6.4 0-12.8 6.4-12.8 12.8v70.4c0 6.4 6.4 12.8 12.8 12.8z\" class=\"\"><\/path><\/svg><\/i> <img loading=\"lazy\" decoding=\"async\" width=\"16\" height=\"16\" alt=\"Loading\" src=\"https:\/\/harom.tizennegy.hu\/papirusz\/wp-content\/plugins\/page-views-count\/ajax-loader-2x.gif\" border=0 \/><\/p>\n<div class=\"pvc_clear\"><\/div>\n","protected":false},"author":1,"featured_media":773,"parent":392,"menu_order":1,"comment_status":"open","ping_status":"closed","template":"","meta":{"rating_form_position":"","rating_results_position":"","mr_structured_data_type":"","footnotes":""},"class_list":["post-403","page","type-page","status-publish","has-post-thumbnail"],"multi-rating":{"mr_rating_results":[]},"jetpack_sharing_enabled":true,"_links":{"self":[{"href":"https:\/\/harom.tizennegy.hu\/papirusz\/wp-json\/wp\/v2\/pages\/403","targetHints":{"allow":["GET"]}}],"collection":[{"href":"https:\/\/harom.tizennegy.hu\/papirusz\/wp-json\/wp\/v2\/pages"}],"about":[{"href":"https:\/\/harom.tizennegy.hu\/papirusz\/wp-json\/wp\/v2\/types\/page"}],"author":[{"embeddable":true,"href":"https:\/\/harom.tizennegy.hu\/papirusz\/wp-json\/wp\/v2\/users\/1"}],"replies":[{"embeddable":true,"href":"https:\/\/harom.tizennegy.hu\/papirusz\/wp-json\/wp\/v2\/comments?post=403"}],"version-history":[{"count":5,"href":"https:\/\/harom.tizennegy.hu\/papirusz\/wp-json\/wp\/v2\/pages\/403\/revisions"}],"predecessor-version":[{"id":902,"href":"https:\/\/harom.tizennegy.hu\/papirusz\/wp-json\/wp\/v2\/pages\/403\/revisions\/902"}],"up":[{"embeddable":true,"href":"https:\/\/harom.tizennegy.hu\/papirusz\/wp-json\/wp\/v2\/pages\/392"}],"wp:featuredmedia":[{"embeddable":true,"href":"https:\/\/harom.tizennegy.hu\/papirusz\/wp-json\/wp\/v2\/media\/773"}],"wp:attachment":[{"href":"https:\/\/harom.tizennegy.hu\/papirusz\/wp-json\/wp\/v2\/media?parent=403"}],"curies":[{"name":"wp","href":"https:\/\/api.w.org\/{rel}","templated":true}]}}