{"id":849,"date":"2025-10-08T21:48:03","date_gmt":"2025-10-08T19:48:03","guid":{"rendered":"https:\/\/harom.tizennegy.hu\/papirusz\/?page_id=849"},"modified":"2025-10-09T11:45:30","modified_gmt":"2025-10-09T09:45:30","slug":"az-ebredes","status":"publish","type":"page","link":"http:\/\/harom.tizennegy.hu\/papirusz\/tortenetek\/csak-meg-egy-nap\/elso-konyv\/az-ebredes\/","title":{"rendered":"Csak m\u00e9g egy nap \u2013 Az \u00e9bred\u00e9s"},"content":{"rendered":"\n<h2 class=\"wp-block-heading\">4. ciklus<\/h2>\n\n\n\n<p>S\u00f6t\u00e9ts\u00e9g, lilas\u00e1g \u00e9s csill\u00e1mpor.<\/p>\n\n\n\n<p>Majd pedig hangok.<\/p>\n\n\n\n<p>\u2013 \u2026 elad\u00e1sa n\u00f6vekedett. \u00c9s a kimutat\u00e1s szerint a CTX-ek elad\u00e1sa is j\u00f3l haladt, b\u00e1r az \u00e9v v\u00e9ge fel\u00e9 egy kisebb visszaes\u00e9s tapasztalhat\u00f3. Mindek\u00f6zben a kieg\u00e9sz\u00edt\u0151k \u00e9rt\u00e9kes\u00edt\u00e9s\u00e9ben eg\u00e9sz \u00e9vben stagn\u00e1ltunk. Csak az\u00e9rt \u00e9rt\u00fck el a kor\u00e1bbi \u00e9vek sz\u00e1mait, mert az \u00fcnnepekben sokat adtunk el. \u00d6sszess\u00e9g\u00e9ben nem teljes\u00edtett\u00fcnk jobban, mint az el\u0151z\u0151 \u00e9vben. J\u00f6v\u0151re pedig \u00fajabb emelked\u00e9st prognosztiz\u00e1lnak, hivatkozva a l\u00edtium ir\u00e1nti egyre n\u00f6vekv\u0151 keresletre. \u00c9ppen ez\u00e9rt\u2026<\/p>\n\n\n\n<p>Ez a f\u0151n\u00f6k\u00f6m volt.<\/p>\n\n\n\n<p>\u2013 Nem! Nemnemnem! Ez nem lehet!<\/p>\n\n\n\n<p>Ez pedig \u00e9n voltam. Olyan k\u00e9ts\u00e9gbeesetten ki\u00e1ltottam fel, mint akinek a kez\u00e9b\u0151l kit\u00e9pt\u00e9k az egyetlen \u00e9tel\u00e9t. Pont ezt is t\u00f6rt\u00e9nt.<\/p>\n\n\n\n<p>\u2013 Nyugalom koll\u00e9ga! Az\u00e9rt nem olyan rossz a helyzet \u2013 mondta a f\u0151n\u00f6k\u00f6m.<\/p>\n\n\n\n<p>Olyan gyorsan \u00e1lltam fel, hogy a sz\u00e9k cs\u00f6r\u00f6mp\u00f6lve rep\u00fclt a falnak, majd feld\u0151lt. P\u00e1nikszer\u0171en kerestem a pizz\u00e1mat. Azt, amit nemr\u00e9g tuszkoltam a f\u00fcrd\u0151k\u00f6penyem zseb\u00e9be. Csakhogy nem abban a ruh\u00e1ban voltam, hanem \u00fajra a szok\u00e1sos fekete nadr\u00e1gban \u00e9s p\u00f3l\u00f3ban. A vacsor\u00e1mnak nyoma sem volt.<\/p>\n\n\n\n<p>\u2013 Az a rohad\u00e9k elvitte a pizz\u00e1mat! \u2013 \u00fcv\u00f6lt\u00f6ttem, teljesen kikelve magamb\u00f3l .<\/p>\n\n\n\n<p>\u2013 H\u00e9, koll\u00e9ga! \u00dclj\u00f6n vissza, \u00e9s higgadjon le! \u2013 pr\u00f3b\u00e1lkozott ism\u00e9t a f\u0151n\u00f6k\u00f6m.<\/p>\n\n\n\n<p>Ekkor vettem \u00e9szre, hogy a kezeim tiszt\u00e1k \u00e9s s\u00e9r\u00fcl\u00e9smentesek. Megforgattam, t\u00f6bb ir\u00e1nyb\u00f3l is megn\u00e9ztem. Egyetlen egy karcol\u00e1st sem tal\u00e1ltam, sem v\u00e1g\u00e1st, de m\u00e9g s\u00e1rfoltot sem. A ruh\u00e1m, \u00e9s a cip\u0151m is teljesen tiszta volt. Mintha sosem estem volna a t\u00fcsk\u00e9sborokba \u00e9s J\u00f3zsit sem h\u00faztam volna vissza az ablakb\u00f3l.<\/p>\n\n\n\n<p>\u2013 Elt\u0171ntek \u2013 feleltem d\u00f6bbenten. \u2013 Minden elt\u0171nt!<\/p>\n\n\n\n<p>\u2013 Mi t\u0171nt el? \u2013 kapcsol\u00f3dott be Mikl\u00f3s is a besz\u00e9lget\u00e9sbe.<\/p>\n\n\n\n<p>\u2013 A s\u00e9r\u00fcl\u00e9seim! A ruh\u00e1m! A pizz\u00e1m!<\/p>\n\n\n\n<p>\u2013 Azt hiszem, vannak fontosabb dolgaink is, mint a te pizz\u00e1d!<\/p>\n\n\n\n<p>Bel\u00fcl ekkor szakadt el bennem valami. Felmarkoltam a ceruz\u00e1imat, \u00e9s teljes er\u0151vel hozz\u00e1v\u00e1gtam. De ett\u0151l csak m\u00e9g d\u00fch\u00f6sebb lettem. Lehajoltam a sz\u00e9kem\u00e9rt, hogy azzal verjem meg. Azonban a f\u0151n\u00f6k\u00f6m m\u00e9rgesen r\u00e1m ki\u00e1ltott. \u00cdgy m\u00e1r sosem tudhattam meg, milyen hangja van Mikl\u00f3s fej\u00e9nek amikor tal\u00e1lkozik egy \u00fcl\u0151alkalmatoss\u00e1ggal.<\/p>\n\n\n\n<p>\u2013 B\u00e9la! Ez a viselked\u00e9s nem elfogadott itt! Ki van r\u00fagva!<\/p>\n\n\n\n<p>\u2013 Igen?! \u2013 k\u00e9rdeztem harciasan. Majd felugrottam az asztalra, \u00e9s onnan ord\u00edtottam \u2013 H\u00e1t j\u00f3! \u00dagyis elegem van bel\u0151led! Meg ebb\u0151l a koszos c\u00e9gb\u0151l, ebben a koszos v\u00e1rosban! \u00c9s elegem van a motiv\u00e1ci\u00f3s id\u00e9zeteidb\u0151l is! Azt hiszed, att\u00f3l majd rendes v\u00e1llalat lesz? Mint a nagyok? Ez csak egy nyomorult haszn\u00e1lt-telefonbolt! Egy olyan b\u00e9na n\u00e9vvel, amit az \u00fcgyfelek ki sem tudnak mondani! Quantechno! Ki tal\u00e1l ki ilyet? \u00c9s egy\u00e9bk\u00e9nt is b\u00fcd\u00f6s van! Egyszer az\u00e9rt kitakar\u00edthatt\u00e1l volna!<\/p>\n\n\n\n<p>Minden egyes kimondott sz\u00f3 egy \u00fajabb t\u00fcske volt a lelkem m\u00e9ly\u00e9n, amit v\u00e9gre kih\u00fazhattam. Tegnap m\u00e9g nem besz\u00e9ltem volna \u00edgy. De az\u00f3ta el\u00fct\u00f6tt egy busz, beestem egy bokorba, majdnem kiestem egy ablakon, t\u00f6bbsz\u00f6r \u00e1testem egy kuty\u00e1n, csupa s\u00e1r lettem, \u00e9s m\u00e9g valami h\u00fclye s\u00f6t\u00e9tlila csill\u00e1mporos sm\u00f6tyiben is \u00faszk\u00e1ltam. N\u00e9gyszer is.<\/p>\n\n\n\n<p>Amikor sok \u00e9vvel ezel\u0151tt elkezdtem enn\u00e9l a kis c\u00e9gn\u00e9l dolgozni, azt hittem, hogy van benne potenci\u00e1l, \u00e9s id\u0151vel komolyabb lesz. Olyan hely, ahol a tud\u00e1somat haszn\u00e1lhatom \u00e9s fejl\u0151dhetek.&nbsp;<\/p>\n\n\n\n<p>Csakhogy mindig ugyanazok a napok j\u00f6ttek, ugyanazokkal a feladatokkal \u00e9s ugyanazokkal az \u00fcgyfelekkel. Mintha folyamatosan egy \u00e1tkozott id\u0151hurokban \u00e9ltem volna!<\/p>\n\n\n\n<p>Hirtelen egy \u00fct\u00e9st \u00e9reztem a h\u00e1tamon. Megsz\u00e9d\u00fcltem, az asztal pedig \u00f6sszet\u00f6rt alattam \u00e9s a f\u00f6ldre zuhantam. Megfordultam, \u00e9s Mikl\u00f3st l\u00e1ttam, ahogy v\u00f6r\u00f6s fejjel fel\u00e9m tornyosult. Kez\u00e9ben egy t\u00f6r\u00f6tt laptopot markolt, \u00e9s m\u00e1r lend\u00edtette, hogy \u00fajra meg\u00fcss\u00f6n vele.<\/p>\n\n\n\n<p>Reflexb\u0151l felemeltem a l\u00e1bam, \u00e9s beler\u00fagtam. Ett\u0151l Mikl\u00f3s h\u00e1tra t\u00e1ntorodott, beleakadt a mindenfel\u00e9 tekerg\u0151 k\u00e1belrengetegben, \u00e9s elv\u00e1g\u00f3dott.<\/p>\n\n\n\n<p>Felpattantam, \u00e9s v\u00e1rtam az \u00fajabb t\u00e1mad\u00e1st. De Mikl\u00f3s a sarokban fek\u00fcdt mozdulatlanul. T\u0151le egyel\u0151re nem kellett tartanom. A f\u0151n\u00f6k\u00f6m fel\u00e9 fordultam, aki d\u00f6bbenten \u00fclt \u00e9s csak t\u00e1togott.&nbsp;<\/p>\n\n\n\n<p>Ott \u00e1lltam vele szembe. Kapkodtam a leveg\u0151t, a sz\u00edvem pedig \u00fagy dobogott, mint egy mar\u00e9k csavar a mos\u00f3g\u00e9pben. Nem tudtam, mit tegyek.<\/p>\n\n\n\n<p>Tam\u00e1s eddig olyan k\u00e9nyelmesen \u00fclt, mintha csak egy balettel\u0151ad\u00e1st n\u00e9zne az oper\u00e1ban. Most lassan lehajolt \u00e9s egy els\u0151seg\u00e9lydobozt vett el\u0151 a sz\u00e9ke al\u00f3l. Nyugodtan kotor\u00e1szott benne egy darabig, v\u00e9g\u00fcl egy fura t\u00e1vir\u00e1ny\u00edt\u00f3-szer\u0171 valamit h\u00fazott el\u0151. H\u00e1rom gomb volt rajta: egy z\u00f6ld, egy s\u00e1rga \u00e9s egy fekete. Ez ut\u00f3bbit nyomta meg.<\/p>\n\n\n\n<p>Az iroda fel\u0151l koppan\u00e1s hallatszott. Hideg \u00e9s f\u00e9mes. Majd m\u00e9g egy, \u00e9s m\u00e9g egy. Mintha valami k\u00f6zeledett volna. Egyre hangosabb lett.&nbsp;<\/p>\n\n\n\n<p>Azt\u00e1n recsegve d\u0151lt ki az ajt\u00f3, \u00e9s ott \u00e1llt a cserepes p\u00e1fr\u00e1ny a robot l\u00e1bakon. D\u00f6bbenten figyeltem a v\u00f6r\u00f6sen vil\u00e1g\u00edt\u00f3 szemeit, ahogy a t\u00e1rgyal\u00f3t p\u00e1szt\u00e1zt\u00e1k. Eddig m\u00e9g sosem l\u00e1ttam ilyennek. A v\u00f6r\u00f6s pontok v\u00e9g\u00fcl meg\u00e1lltak. Egyenesen r\u00e1m n\u00e9ztek. A k\u00f6vetkez\u0151 pillanatban a szerkezet teljesen sebess\u00e9ggel sz\u00e1guldott fel\u00e9m. A meglepet\u00e9st\u0151l mozdulni sem tudtam. A cser\u00e9p oldal\u00e1n kiny\u00edlt egy apr\u00f3 ablak, ahonnan egy szikr\u00e1z\u00f3 robotk\u00e9z bukkant el\u0151. Egyenesen a l\u00e1bamba f\u00far\u00f3dott.<\/p>\n\n\n\n<p>Felord\u00edtottam a f\u00e1jdalomt\u00f3l. Az elektromoss\u00e1g v\u00e9gigsz\u00e1guldott a testemen. Az \u00f3zon \u00e9gett szaga mart az orromba.<\/p>\n\n\n\n<p>A vil\u00e1g sistergett egyet, majd kikapcsolt.<\/p>\n\n\n\n<hr class=\"wp-block-separator has-alpha-channel-opacity\"\/>\n\n\n\n<h2 class=\"wp-block-heading\">5. ciklus<\/h2>\n\n\n\n<p>S\u00f6t\u00e9tlila \u00e9s csill\u00e1mpor. \u00c9s j\u00f6ttek a hangok.<\/p>\n\n\n\n<p>\u2013 \u2026 elad\u00e1sa n\u00f6vekedett. \u00c9s a kimutat\u00e1s szerint a CTX-ek elad\u00e1sa is j\u00f3l haladt, b\u00e1r az \u00e9v v\u00e9ge fel\u00e9 egy kisebb visszaes\u00e9s tapasztalhat\u00f3. Mindek\u00f6zben a kieg\u00e9sz\u00edt\u0151k \u00e9rt\u00e9kes\u00edt\u00e9s\u00e9ben eg\u00e9sz \u00e9vben stagn\u00e1ltunk. Csak az\u00e9rt \u00e9rt\u00fck el a kor\u00e1bbi \u00e9vek sz\u00e1mait, mert az \u00fcnnepekben sokat adtunk el. \u00d6sszess\u00e9g\u00e9ben nem teljes\u00edtett\u00fcnk jobban, mint az el\u0151z\u0151 \u00e9vben. J\u00f6v\u0151re pedig \u00fajabb emelked\u00e9st prognosztiz\u00e1lnak, hivatkozva a l\u00edtium ir\u00e1nti egyre n\u00f6vekv\u0151 keresletre. \u00c9ppen ez\u00e9rt\u2026<\/p>\n\n\n\n<p>Ism\u00e9t az irod\u00e1ban tal\u00e1ltam magamat. Ann\u00e1l az asztaln\u00e1l \u00fcltem, amit p\u00e1r perccel ezel\u0151tt t\u00f6rtem \u00f6ssze. De semmi baja nem volt. K\u00f6rbefordultam, \u00e9s a t\u00e1rgyal\u00f3 is a megszokott kopott form\u00e1j\u00e1ban l\u00e1ttam. Nyoma sem volt a kor\u00e1bbi puszt\u00edt\u00e1snak.<\/p>\n\n\n\n<p>Mikl\u00f3s hadon\u00e1szott a kivet\u00edt\u0151 el\u0151tt, a f\u0151n\u00f6k\u00f6m pedig csillog\u00f3 szemmel b\u00f3logatott. Tam\u00e1s pedig a szok\u00e1sos hibern\u00e1lt \u00e1llapot\u00e1ban \u00fclt, \u00e9s a tap\u00e9ta mint\u00e1zat\u00e1t b\u00e1multa.<\/p>\n\n\n\n<p>Minden a megszokott m\u00f3don zajlott. Senki sem eml\u00e9kezett a kor\u00e1bbi vereked\u00e9sre. Mintha meg sem t\u00f6rt\u00e9nt volna.<\/p>\n\n\n\n<p>Halkan fel\u00e1lltam, \u00e9s az ajt\u00f3 fel\u00e9 indultam.<\/p>\n\n\n\n<p>\u2013 B\u00e9la! Most hov\u00e1 megy? M\u00e9g nincs v\u00e9ge a t\u00e1rgyal\u00e1snak!<\/p>\n\n\n\n<p>A f\u0151n\u00f6k\u00f6m pr\u00f3b\u00e1lt marasztalni, de nem \u00e9rdekelt.<\/p>\n\n\n\n<p>\u2013 J\u00f6jj\u00f6n vissza! Fontos dolgokat kell megbesz\u00e9ln\u00fcnk!<\/p>\n\n\n\n<p>\u2013 Itt r\u00e1m semmi sz\u00fcks\u00e9g! N\u00e9lk\u00fclem is meg tudj\u00e1k csin\u00e1lni \u2013 v\u00e1laszoltam, \u00e9s t\u00f6retlen\u00fcl mentem tov\u00e1bb az ajt\u00f3 fel\u00e9.<\/p>\n\n\n\n<p>\u2013 Maga is egy fontos fogasker\u00e9k a c\u00e9g g\u00e9pezet\u00e9ben. Sz\u00fcks\u00e9g\u00fcnk van a v\u00e9lem\u00e9ny\u00e9re!<\/p>\n\n\n\n<p>Na persze! Amikor legut\u00f3bb elmondtam, ut\u00e1na sz\u00e9tvert\u00fck a t\u00e1rgyal\u00f3t. \u2013 de ezt csak magamban mondtam.&nbsp;<\/p>\n\n\n\n<p>Kimentem az ajt\u00f3n. Becsuktam. Bez\u00e1rtam, \u00e9s m\u00e9g egy szekr\u00e9nyt is odatoltam el\u00e9. \u00c9s k\u00f6zben azon gondolkodtam, vajon mire j\u00f3 a z\u00f6ld \u00e9s a s\u00e1rga gomb Mikl\u00f3s t\u00e1vir\u00e1ny\u00edt\u00f3j\u00e1n?<\/p>\n\n\n\n<p>Bementem a f\u0151n\u00f6k szob\u00e1j\u00e1ba, \u00e9s el\u0151kerestem a kocsi kulcs\u00e1t. Ut\u00e1na felvettem a kab\u00e1tomat, \u00e9s elhagytam az irod\u00e1t. Nem t\u00f6r\u0151dtem a t\u00e1rgyal\u00f3 fel\u0151l j\u00f6v\u0151 d\u00f6r\u00f6mb\u00f6l\u00e9ssel \u00e9s kiab\u00e1l\u00e1sokkal.<\/p>\n\n\n\n<p>Kimentem az \u00e9p\u00fcletb\u0151l, \u00e9s megkerestem a f\u0151n\u00f6k\u00f6m kocsij\u00e1t. Kinyitottam az ajt\u00f3t, \u00e9s be\u00fcltem.<\/p>\n\n\n\n<hr class=\"wp-block-separator has-alpha-channel-opacity\"\/>\n\n\n\n<h2 class=\"wp-block-heading\">42. Ciklus<\/h2>\n\n\n\n<p>A f\u0151n\u00f6k\u00f6m j\u00e1rg\u00e1ny\u00e1val repesztettem az \u00e9jszak\u00e1ban. Nyugodtan tapostam a g\u00e1zt. A j\u00e9ghideg sz\u00e9l pedig az arcomba v\u00e1gott, de nem \u00e9rdekelt. Nem f\u00e9ltem. Tudtam, hogy semmi bajom nem lesz. Az el\u0151z\u0151 ciklusban is \u00edgy csin\u00e1ltam.<\/p>\n\n\n\n<p>Persze nem ment ez mindig ilyen egyszer\u0171en!<\/p>\n\n\n\n<p>Nem tudtam vezetni.<\/p>\n\n\n\n<p>Amikor el\u0151sz\u00f6r \u00fcltem a f\u0151n\u00f6k\u00f6m aut\u00f3j\u00e1ba, azt se tudtam, mit kell csin\u00e1lni. El\u0151vettem a telefonomat, \u00e9s oktat\u00f3vide\u00f3kat n\u00e9ztem arr\u00f3l, hogyan kell egy\u00e1ltal\u00e1n elindulni.<\/p>\n\n\n\n<p>Azt\u00e1n egyik ciklusban siker\u00fclt eljutni az els\u0151 oszlopig. Nemsok\u00e1ra m\u00e1r k\u00e9t sarokig mentem el.&nbsp;<\/p>\n\n\n\n<p>\u00c9s egyre tov\u00e1bb, \u00e9s tov\u00e1bb.<\/p>\n\n\n\n<p>\u00c9s egyre ritk\u00e1bban t\u00f6rtem \u00f6ssze az aut\u00f3t.<\/p>\n\n\n\n<p class=\"has-text-align-center\"><strong>\u2014 V\u00e9ge az els\u0151 k\u00f6nyvnek \u2014<\/strong><\/p>\n\n\n<div class=\"wp-block-image\">\n<figure class=\"aligncenter size-full\"><img loading=\"lazy\" decoding=\"async\" width=\"1024\" height=\"1024\" src=\"http:\/\/harom.tizennegy.hu\/papirusz\/wp-content\/uploads\/2025\/10\/hatulrol-lassuk-ezt-a-fiut-amint-az-autoban-ul-es-a-telefon3.png\" alt=\"B\u00e9la tanul aut\u00f3t vezetni.\" class=\"wp-image-852\" srcset=\"http:\/\/harom.tizennegy.hu\/papirusz\/wp-content\/uploads\/2025\/10\/hatulrol-lassuk-ezt-a-fiut-amint-az-autoban-ul-es-a-telefon3.png 1024w, http:\/\/harom.tizennegy.hu\/papirusz\/wp-content\/uploads\/2025\/10\/hatulrol-lassuk-ezt-a-fiut-amint-az-autoban-ul-es-a-telefon3-300x300.png 300w, http:\/\/harom.tizennegy.hu\/papirusz\/wp-content\/uploads\/2025\/10\/hatulrol-lassuk-ezt-a-fiut-amint-az-autoban-ul-es-a-telefon3-150x150.png 150w, http:\/\/harom.tizennegy.hu\/papirusz\/wp-content\/uploads\/2025\/10\/hatulrol-lassuk-ezt-a-fiut-amint-az-autoban-ul-es-a-telefon3-768x768.png 768w\" sizes=\"auto, (max-width: 1024px) 100vw, 1024px\" \/><\/figure>\n<\/div>\n\n\n<hr class=\"wp-block-separator has-alpha-channel-opacity\"\/>\n\n\n\n<div class=\"wp-block-columns is-layout-flex wp-container-core-columns-is-layout-9d6595d7 wp-block-columns-is-layout-flex\">\n<div class=\"wp-block-column is-layout-flow wp-block-column-is-layout-flow\">\n<p><a href=\"https:\/\/harom.tizennegy.hu\/papirusz\/tortenetek\/csak-meg-egy-nap\/elso-konyv\/csak-meg-egy-nap-3-ciklus-5-resz\/\" data-type=\"page\" data-id=\"815\">El\u0151z\u0151 r\u00e9sz<\/a><\/p>\n<\/div>\n\n\n\n<div class=\"wp-block-column is-layout-flow wp-block-column-is-layout-flow\">\n<p class=\"has-text-align-center\"><a href=\"https:\/\/harom.tizennegy.hu\/papirusz\/tortenetek\/csak-meg-egy-nap\/\">Tartalomjegyz\u00e9k<\/a><\/p>\n<\/div>\n\n\n\n<div class=\"wp-block-column is-layout-flow wp-block-column-is-layout-flow\">\n<p class=\"has-text-align-right\">K\u00e9sz\u00fcl a folytat\u00e1s<\/p>\n<\/div>\n<\/div>\n\n\n\n<p><\/p>\n<div class=\"pvc_clear\"><\/div><p id=\"pvc_stats_849\" class=\"pvc_stats total_only  \" data-element-id=\"849\" style=\"\"><i class=\"pvc-stats-icon medium\" aria-hidden=\"true\"><svg aria-hidden=\"true\" focusable=\"false\" data-prefix=\"far\" data-icon=\"chart-bar\" role=\"img\" xmlns=\"http:\/\/www.w3.org\/2000\/svg\" viewBox=\"0 0 512 512\" class=\"svg-inline--fa fa-chart-bar fa-w-16 fa-2x\"><path fill=\"currentColor\" d=\"M396.8 352h22.4c6.4 0 12.8-6.4 12.8-12.8V108.8c0-6.4-6.4-12.8-12.8-12.8h-22.4c-6.4 0-12.8 6.4-12.8 12.8v230.4c0 6.4 6.4 12.8 12.8 12.8zm-192 0h22.4c6.4 0 12.8-6.4 12.8-12.8V140.8c0-6.4-6.4-12.8-12.8-12.8h-22.4c-6.4 0-12.8 6.4-12.8 12.8v198.4c0 6.4 6.4 12.8 12.8 12.8zm96 0h22.4c6.4 0 12.8-6.4 12.8-12.8V204.8c0-6.4-6.4-12.8-12.8-12.8h-22.4c-6.4 0-12.8 6.4-12.8 12.8v134.4c0 6.4 6.4 12.8 12.8 12.8zM496 400H48V80c0-8.84-7.16-16-16-16H16C7.16 64 0 71.16 0 80v336c0 17.67 14.33 32 32 32h464c8.84 0 16-7.16 16-16v-16c0-8.84-7.16-16-16-16zm-387.2-48h22.4c6.4 0 12.8-6.4 12.8-12.8v-70.4c0-6.4-6.4-12.8-12.8-12.8h-22.4c-6.4 0-12.8 6.4-12.8 12.8v70.4c0 6.4 6.4 12.8 12.8 12.8z\" class=\"\"><\/path><\/svg><\/i> <img loading=\"lazy\" decoding=\"async\" width=\"16\" height=\"16\" alt=\"Loading\" src=\"http:\/\/harom.tizennegy.hu\/papirusz\/wp-content\/plugins\/page-views-count\/ajax-loader-2x.gif\" border=0 \/><\/p><div class=\"pvc_clear\"><\/div>","protected":false},"excerpt":{"rendered":"<p>4. ciklus S\u00f6t\u00e9ts\u00e9g, lilas\u00e1g \u00e9s csill\u00e1mpor. Majd pedig hangok. \u2013 \u2026 elad\u00e1sa n\u00f6vekedett. \u00c9s a kimutat\u00e1s szerint a CTX-ek elad\u00e1sa is j\u00f3l haladt, b\u00e1r az \u00e9v v\u00e9ge fel\u00e9 egy kisebb visszaes\u00e9s tapasztalhat\u00f3. Mindek\u00f6zben a kieg\u00e9sz\u00edt\u0151k \u00e9rt\u00e9kes\u00edt\u00e9s\u00e9ben eg\u00e9sz \u00e9vben stagn\u00e1ltunk. Csak az\u00e9rt \u00e9rt\u00fck el a kor\u00e1bbi \u00e9vek sz\u00e1mait, mert az \u00fcnnepekben sokat adtunk el. \u00d6sszess\u00e9g\u00e9ben nem &#8230; <a title=\"Csak m\u00e9g egy nap \u2013 Az \u00e9bred\u00e9s\" class=\"read-more\" href=\"http:\/\/harom.tizennegy.hu\/papirusz\/tortenetek\/csak-meg-egy-nap\/elso-konyv\/az-ebredes\/\" aria-label=\"Read more about Csak m\u00e9g egy nap \u2013 Az \u00e9bred\u00e9s\">Olvass tov\u00e1bb<\/a><\/p>\n<div class=\"pvc_clear\"><\/div>\n<p id=\"pvc_stats_849\" class=\"pvc_stats total_only  \" data-element-id=\"849\" style=\"\"><i class=\"pvc-stats-icon medium\" aria-hidden=\"true\"><svg aria-hidden=\"true\" focusable=\"false\" data-prefix=\"far\" data-icon=\"chart-bar\" role=\"img\" xmlns=\"http:\/\/www.w3.org\/2000\/svg\" viewBox=\"0 0 512 512\" class=\"svg-inline--fa fa-chart-bar fa-w-16 fa-2x\"><path fill=\"currentColor\" d=\"M396.8 352h22.4c6.4 0 12.8-6.4 12.8-12.8V108.8c0-6.4-6.4-12.8-12.8-12.8h-22.4c-6.4 0-12.8 6.4-12.8 12.8v230.4c0 6.4 6.4 12.8 12.8 12.8zm-192 0h22.4c6.4 0 12.8-6.4 12.8-12.8V140.8c0-6.4-6.4-12.8-12.8-12.8h-22.4c-6.4 0-12.8 6.4-12.8 12.8v198.4c0 6.4 6.4 12.8 12.8 12.8zm96 0h22.4c6.4 0 12.8-6.4 12.8-12.8V204.8c0-6.4-6.4-12.8-12.8-12.8h-22.4c-6.4 0-12.8 6.4-12.8 12.8v134.4c0 6.4 6.4 12.8 12.8 12.8zM496 400H48V80c0-8.84-7.16-16-16-16H16C7.16 64 0 71.16 0 80v336c0 17.67 14.33 32 32 32h464c8.84 0 16-7.16 16-16v-16c0-8.84-7.16-16-16-16zm-387.2-48h22.4c6.4 0 12.8-6.4 12.8-12.8v-70.4c0-6.4-6.4-12.8-12.8-12.8h-22.4c-6.4 0-12.8 6.4-12.8 12.8v70.4c0 6.4 6.4 12.8 12.8 12.8z\" class=\"\"><\/path><\/svg><\/i> <img loading=\"lazy\" decoding=\"async\" width=\"16\" height=\"16\" alt=\"Loading\" src=\"http:\/\/harom.tizennegy.hu\/papirusz\/wp-content\/plugins\/page-views-count\/ajax-loader-2x.gif\" border=0 \/><\/p>\n<div class=\"pvc_clear\"><\/div>\n","protected":false},"author":1,"featured_media":853,"parent":850,"menu_order":23,"comment_status":"open","ping_status":"closed","template":"","meta":{"rating_form_position":"","rating_results_position":"","mr_structured_data_type":"","footnotes":""},"class_list":["post-849","page","type-page","status-publish","has-post-thumbnail"],"multi-rating":{"mr_rating_results":[]},"jetpack_sharing_enabled":true,"_links":{"self":[{"href":"http:\/\/harom.tizennegy.hu\/papirusz\/wp-json\/wp\/v2\/pages\/849","targetHints":{"allow":["GET"]}}],"collection":[{"href":"http:\/\/harom.tizennegy.hu\/papirusz\/wp-json\/wp\/v2\/pages"}],"about":[{"href":"http:\/\/harom.tizennegy.hu\/papirusz\/wp-json\/wp\/v2\/types\/page"}],"author":[{"embeddable":true,"href":"http:\/\/harom.tizennegy.hu\/papirusz\/wp-json\/wp\/v2\/users\/1"}],"replies":[{"embeddable":true,"href":"http:\/\/harom.tizennegy.hu\/papirusz\/wp-json\/wp\/v2\/comments?post=849"}],"version-history":[{"count":3,"href":"http:\/\/harom.tizennegy.hu\/papirusz\/wp-json\/wp\/v2\/pages\/849\/revisions"}],"predecessor-version":[{"id":914,"href":"http:\/\/harom.tizennegy.hu\/papirusz\/wp-json\/wp\/v2\/pages\/849\/revisions\/914"}],"up":[{"embeddable":true,"href":"http:\/\/harom.tizennegy.hu\/papirusz\/wp-json\/wp\/v2\/pages\/850"}],"wp:featuredmedia":[{"embeddable":true,"href":"http:\/\/harom.tizennegy.hu\/papirusz\/wp-json\/wp\/v2\/media\/853"}],"wp:attachment":[{"href":"http:\/\/harom.tizennegy.hu\/papirusz\/wp-json\/wp\/v2\/media?parent=849"}],"curies":[{"name":"wp","href":"https:\/\/api.w.org\/{rel}","templated":true}]}}