{"id":617,"date":"2025-06-27T13:34:10","date_gmt":"2025-06-27T11:34:10","guid":{"rendered":"https:\/\/harom.tizennegy.hu\/papirusz\/?page_id=617"},"modified":"2025-10-09T10:58:04","modified_gmt":"2025-10-09T08:58:04","slug":"csak-meg-egy-nap-1-ciklus-6-resz","status":"publish","type":"page","link":"http:\/\/harom.tizennegy.hu\/papirusz\/tortenetek\/csak-meg-egy-nap\/elso-konyv\/csak-meg-egy-nap-1-ciklus-6-resz\/","title":{"rendered":"Csak m\u00e9g egy nap \u2013 1. ciklus \u2013 6. r\u00e9sz"},"content":{"rendered":"\n<p>A busz lass\u00edtott, majd meg\u00e1llt. Kiny\u00edltak az ajt\u00f3k, \u00e9s lesz\u00e1lltam.<\/p>\n\n\n\n<p>Az ajt\u00f3k becsuk\u00f3dtak, a busz elindult, \u00e9s kis id\u0151 m\u00falva m\u00e1r elt\u0171nt. Egy perccel k\u00e9s\u0151bb m\u00e1r a hangj\u00e1t sem hallottam.<\/p>\n\n\n\n<p>\u00dcdv \u00fajra az es\u0151ben!<\/p>\n\n\n\n<p>Hideg is volt, \u00e9s most m\u00e1r t\u00e9nyleg k\u00e9s\u0151re j\u00e1rt. De legal\u00e1bb haza\u00e9rkeztem.<\/p>\n\n\n\n<p>Majdnem.<\/p>\n\n\n\n<p>A f\u0151v\u00e1rosban voltam, annak is a sz\u00e9len. Itt b\u00e9reltem a lak\u00e1somat, k\u00f6zel a meg\u00e1ll\u00f3hoz. K\u00f6nnyen jutottam el a munk\u00e1ba \u00e9s az \u00e1ra is kedvez\u0151 volt. Igaz, sok minden nem volt a k\u00f6zelben. De egy\u00e9bk\u00e9nt sem t\u00f6lt\u00f6ttem sok id\u0151t otthon.<\/p>\n\n\n\n<p>Legink\u00e1bb csak aludni j\u00e1rtam haza.<\/p>\n\n\n\n<p>Gyors l\u00e9ptekkel egyenesen \u00e1tmentem az \u00faton, nem ker\u00fclgettem a pocsoly\u00e1kat. M\u00e1r nem \u00e9rdekelt, ha vizes leszek. M\u00e1r semmi sem \u00e9rdekelt. V\u00e9gre az otthonom kapuj\u00e1ban \u00e1lltam!<\/p>\n\n\n\n<p>El\u0151kerestem a kulcsomat, majd kinyitottam a vastag r\u00e1csos ajt\u00f3t \u00e9s bementem. A cip\u0151m lelkesen cuppogott mik\u00f6zben haladtam felfel\u00e9 a l\u00e9pcs\u0151n a negyedik emeletre, ahol a kuck\u00f3m volt.<\/p>\n\n\n\n<p>K\u00f6zben elhaladtam az ajt\u00f3 el\u0151tt, ami m\u00f6g\u00f6tt a g\u00f6nd\u00f6rhaj\u00fa l\u00e1ny lakik. Egy pillanatra meg\u00e1lltam, azt\u00e1n ink\u00e1bb tov\u00e1bbmentem.&nbsp;<br>T\u00fal f\u00e1radt voltam. Ma m\u00e1r t\u00fal sok furcsas\u00e1g t\u00f6rt\u00e9nt velem. Nem hi\u00e1nyzott, hogy ez a lista tov\u00e1bb b\u0151v\u00fclj\u00f6n.&nbsp;<\/p>\n\n\n\n<p>A v\u00e9g\u00e9n m\u00e9g beh\u00edv egy k\u00e1v\u00e9ra, vagy valami.<\/p>\n\n\n\n<p>B\u00e1r ennek val\u00f3sz\u00edn\u0171s\u00e9ge k\u00f6r\u00fclbel\u00fcl annyi, minthogy a Holdon titkos dinoszaurusz-b\u00e1zist tal\u00e1ljunk. Soha nem besz\u00e9lt\u00fcnk egym\u00e1ssal a k\u00f6sz\u00f6n\u00e9sen k\u00edv\u00fcl. M\u00e9g a nev\u00e9t sem tudom. Ez tal\u00e1n k\u00f6lcs\u00f6n\u00f6s.<\/p>\n\n\n\n<p>Rem\u00e9lem.&nbsp;<\/p>\n\n\n\n<p>Fel\u00e9rtem a legfels\u0151 emeletre, \u00e9s ott \u00e1lltam a lak\u00e1som ajtaja el\u0151tt. Ahogy el\u0151vettem a kulcsomat, az automatikus l\u00e1mpa term\u00e9szetesen lekapcsolt.&nbsp;<br>K\u00ednl\u00f3dtam egy darabig a s\u00f6t\u00e9tben, mire v\u00e9gre valahogy felgy\u00falt a f\u00e9ny.<br>K\u00f6zben eszembe jutott, hogy Tam\u00e1s ezt biztos egy perc alatt megjav\u00edtan\u00e1. B\u00e1r val\u00f3sz\u00edn\u0171bb, hogy kiszereln\u00e9 a mozg\u00e1s\u00e9rz\u00e9kel\u0151t, \u00e9s mag\u00e1val vinn\u00e9 az irod\u00e1ba. Tal\u00e1n \u00e9p\u00edtene bel\u0151le egy g\u00e9pet, ami csokit ad, amikor int neki.<\/p>\n\n\n\n<p>V\u00e9g\u00fcl siker\u00fclt bejutnom. Ahogy \u00e1tl\u00e9ptem a k\u00fcsz\u00f6b\u00f6t, az otthon semmihez sem foghat\u00f3 illata r\u00f6gt\u00f6n a nyakamba ugrott. \u00c1, igen! Haza\u00e9rtem!<\/p>\n\n\n\n<p>Nagy \u00f6r\u00f6mmel f\u00fajtam ki a leveg\u0151t. Mintha ezer kilom\u00e9tert futottam volna. V\u00e9gre c\u00e9lba \u00e9rtem!<br>V\u00e9gre magam m\u00f6g\u00f6tt hagyhatom m\u00e1r ezt a furcsa napot!<br>\u00c9s most m\u00e1r elengedhetem magamat!<\/p>\n\n\n\n<p>Bez\u00e1rtam a lak\u00e1sajt\u00f3t m\u00f6g\u00f6ttem, \u00e9s ott helyben ledob\u00e1ltam az \u00f6sszes ruh\u00e1mat. M\u00e1r nem tudott \u00e9rdekelni semmi, csak hogy befek\u00fcdjek egy k\u00e1d forr\u00f3 v\u00edzbe.<\/p>\n\n\n\n<p>Levettem a vizes fekete kab\u00e1tomat, mell\u00e9 a szint\u00e9n teljesen el\u00e1zott fekete cip\u0151met is. Leh\u00faztam a fekete pul\u00f3veremet \u00e9s a fekete p\u00f3l\u00f3mat is. Ez ut\u00f3bbi eg\u00e9szen sz\u00e1razon meg\u00faszta.<br>Lecib\u00e1ltam a fekete nadr\u00e1gomat, a fekete als\u00f3 ruh\u00e1imat, \u00e9s m\u00e9g a fekete zoknijaimat is.<br>Igen, minden ruh\u00e1m fekete volt. Ut\u00e1ltam a ruh\u00e1imat mosni, \u00e9s nem akartam a v\u00e1logat\u00e1ssal vacakolni. Mindent nyugodtan egybe bedobhattam a g\u00e9pbe, \u00e9s nem kellett att\u00f3l f\u00e9lnem, hogy egy piros zokni elrontja az \u00f6sszk\u00e9pet.<\/p>\n\n\n\n<p>A f\u00fcrd\u0151szob\u00e1ban megnyitottam a csapot, hogy a k\u00e1dat tele engedjem forr\u00f3 v\u00edzzel. Majd visszamentem, hogy a ruhakupacb\u00f3l el\u0151keressem a telefonomat. Csak n\u00e9h\u00e1ny kattint\u00e1s kellett, hogy a kedvenc helyemr\u0151l megrendeljem a kedvenc pizz\u00e1mat.<\/p>\n\n\n\n<p>Ez a feladat is teljes\u00edtve! M\u00e1ra t\u00e9nyleg nem maradt m\u00e1r semmi!<br>Elz\u00e1rtam a csapot, a telefonomat egy k\u00f6zeli polcra tettem, \u00e9s befek\u00fcdtem a forr\u00f3 vizes k\u00e1dba.<\/p>\n\n\n\n<p>V\u00e9gre!<\/p>\n\n\n\n<p>Mintha csak a fest\u00e9k old\u00f3dna le r\u00f3lam, \u00fagy szabadultam meg a felgy\u00fclemlett fesz\u00fclts\u00e9gt\u0151l. V\u00e9gre teljesen el tudtam engedni magamat!<br>Erre v\u00e1rtam eg\u00e9sz nap! Tal\u00e1n eg\u00e9sz h\u00e9ten!<br>J\u00f3 \u00e9rz\u00e9ssel hunytam be a szememet.&nbsp;<\/p>\n\n\n\n<p>Cs\u00f6ngettek.<\/p>\n\n\n\n<p>A szemeim felpattantak! Itt a pizzafut\u00e1r!<br>M\u00e1ris? Dehogy! Elaludtam! M\u00e1r megint!<\/p>\n\n\n\n<p>Kapkodva kiugrottam a k\u00e1db\u00f3l. Majdnem ki is estem. Gyorsan magamra kaptam egy f\u00fcrd\u0151k\u00f6penyt, \u00e9s futottam az ajt\u00f3hoz vizes nyomokat hagyva magam ut\u00e1n.<\/p>\n\n\n\n<p>Az el\u0151szob\u00e1ban r\u00e1pillantottam az \u00f3r\u00e1ra. Huszonegy perccel m\u00falt t\u00edz! Francba! F\u00e9l \u00f3r\u00e1t aludtam!<\/p>\n\n\n\n<p>A ruhakupacom ott v\u00e1rt az ajt\u00f3 el\u0151tt ahogy hagytam. Valahol ott volt a p\u00e9nzt\u00e1rc\u00e1m is. Fekete term\u00e9szetesen.<\/p>\n\n\n\n<p>\u00dajra csengettek.<\/p>\n\n\n\n<p>\u2013 Pillanat! \u2013 ki\u00e1ltottam<\/p>\n\n\n\n<p>R\u00f6vid kotor\u00e1sz\u00e1s ut\u00e1n megtal\u00e1ltam a kis b\u0151rt\u00e1sk\u00e1mat. Fel\u00e1lltam, hogy lenyomjam a kilincset.<\/p>\n\n\n\n<p>M\u00e9g csak egy r\u00e9snyire nyitottam az ajt\u00f3t, amikor s\u0171r\u0171 s\u00f6t\u00e9tlila k\u00f6d \u00e1ramlott be rajta. Kevesebb, mint egy pillanat el\u00e9g volt, hogy mindent ellepjen. Bejutott az orromba, a sz\u00e1mba, a f\u00fclembe, mindenhova!&nbsp;<\/p>\n\n\n\n<p>Nem kaptam t\u0151le leveg\u0151t!<\/p>\n\n\n\n<p>Mindent s\u00f6t\u00e9tlil\u00e1ban l\u00e1ttam. \u00c9s az illata is, az \u00edze is! Nem tudok r\u00e1 jobb sz\u00f3t, az is s\u00f6t\u00e9tlila volt!<br>Nem l\u00e1ttam m\u00e1r sem a l\u00e1baimat sem a falakat. Azok elt\u0171ntek a lila felh\u0151ben. Lassan m\u00e1r azt se \u00e9reztem, merre van a felfele \u00e9s a lefele.<\/p>\n\n\n\n<p>V\u00e9g\u00fcl egy er\u0151s r\u00e1nt\u00e1st \u00e9reztem, \u00e9s minden els\u00f6t\u00e9t\u00fclt.<\/p>\n\n\n\n<p>Kiestem a val\u00f3s\u00e1gb\u00f3l.<\/p>\n\n\n\n<p><\/p>\n\n\n\n<hr class=\"wp-block-separator has-alpha-channel-opacity\"\/>\n\n\n\n<div class=\"wp-block-columns is-layout-flex wp-container-core-columns-is-layout-9d6595d7 wp-block-columns-is-layout-flex\">\n<div class=\"wp-block-column is-layout-flow wp-block-column-is-layout-flow\">\n<p><a href=\"https:\/\/harom.tizennegy.hu\/papirusz\/tortenetek\/csak-meg-egy-nap\/elso-konyv\/csak-meg-egy-nap-1-ciklus-5-resz\/\" data-type=\"page\" data-id=\"607\">El\u0151z\u0151 r\u00e9sz<\/a><\/p>\n<\/div>\n\n\n\n<div class=\"wp-block-column is-layout-flow wp-block-column-is-layout-flow\">\n<p class=\"has-text-align-center\"><a href=\"https:\/\/harom.tizennegy.hu\/papirusz\/tortenetek\/csak-meg-egy-nap\/\">Tartalomjegyz\u00e9k<\/a><\/p>\n<\/div>\n\n\n\n<div class=\"wp-block-column is-layout-flow wp-block-column-is-layout-flow\">\n<p class=\"has-text-align-right\"><a href=\"https:\/\/harom.tizennegy.hu\/papirusz\/tortenetek\/csak-meg-egy-nap\/elso-konyv\/masodik-atmenet\/\" data-type=\"page\" data-id=\"622\">K\u00f6vetkez\u0151 r\u00e9sz<\/a><\/p>\n<\/div>\n<\/div>\n\n\n\n<p><\/p>\n<div class=\"pvc_clear\"><\/div><p id=\"pvc_stats_617\" class=\"pvc_stats total_only  \" data-element-id=\"617\" style=\"\"><i class=\"pvc-stats-icon medium\" aria-hidden=\"true\"><svg aria-hidden=\"true\" focusable=\"false\" data-prefix=\"far\" data-icon=\"chart-bar\" role=\"img\" xmlns=\"http:\/\/www.w3.org\/2000\/svg\" viewBox=\"0 0 512 512\" class=\"svg-inline--fa fa-chart-bar fa-w-16 fa-2x\"><path fill=\"currentColor\" d=\"M396.8 352h22.4c6.4 0 12.8-6.4 12.8-12.8V108.8c0-6.4-6.4-12.8-12.8-12.8h-22.4c-6.4 0-12.8 6.4-12.8 12.8v230.4c0 6.4 6.4 12.8 12.8 12.8zm-192 0h22.4c6.4 0 12.8-6.4 12.8-12.8V140.8c0-6.4-6.4-12.8-12.8-12.8h-22.4c-6.4 0-12.8 6.4-12.8 12.8v198.4c0 6.4 6.4 12.8 12.8 12.8zm96 0h22.4c6.4 0 12.8-6.4 12.8-12.8V204.8c0-6.4-6.4-12.8-12.8-12.8h-22.4c-6.4 0-12.8 6.4-12.8 12.8v134.4c0 6.4 6.4 12.8 12.8 12.8zM496 400H48V80c0-8.84-7.16-16-16-16H16C7.16 64 0 71.16 0 80v336c0 17.67 14.33 32 32 32h464c8.84 0 16-7.16 16-16v-16c0-8.84-7.16-16-16-16zm-387.2-48h22.4c6.4 0 12.8-6.4 12.8-12.8v-70.4c0-6.4-6.4-12.8-12.8-12.8h-22.4c-6.4 0-12.8 6.4-12.8 12.8v70.4c0 6.4 6.4 12.8 12.8 12.8z\" class=\"\"><\/path><\/svg><\/i> <img loading=\"lazy\" decoding=\"async\" width=\"16\" height=\"16\" alt=\"Loading\" src=\"http:\/\/harom.tizennegy.hu\/papirusz\/wp-content\/plugins\/page-views-count\/ajax-loader-2x.gif\" border=0 \/><\/p><div class=\"pvc_clear\"><\/div>","protected":false},"excerpt":{"rendered":"<p>A busz lass\u00edtott, majd meg\u00e1llt. Kiny\u00edltak az ajt\u00f3k, \u00e9s lesz\u00e1lltam. Az ajt\u00f3k becsuk\u00f3dtak, a busz elindult, \u00e9s kis id\u0151 m\u00falva m\u00e1r elt\u0171nt. Egy perccel k\u00e9s\u0151bb m\u00e1r a hangj\u00e1t sem hallottam. \u00dcdv \u00fajra az es\u0151ben! Hideg is volt, \u00e9s most m\u00e1r t\u00e9nyleg k\u00e9s\u0151re j\u00e1rt. De legal\u00e1bb haza\u00e9rkeztem. Majdnem. A f\u0151v\u00e1rosban voltam, annak is a sz\u00e9len. Itt &#8230; <a title=\"Csak m\u00e9g egy nap \u2013 1. ciklus \u2013 6. r\u00e9sz\" class=\"read-more\" href=\"http:\/\/harom.tizennegy.hu\/papirusz\/tortenetek\/csak-meg-egy-nap\/elso-konyv\/csak-meg-egy-nap-1-ciklus-6-resz\/\" aria-label=\"Read more about Csak m\u00e9g egy nap \u2013 1. ciklus \u2013 6. r\u00e9sz\">Olvass tov\u00e1bb<\/a><\/p>\n<div class=\"pvc_clear\"><\/div>\n<p id=\"pvc_stats_617\" class=\"pvc_stats total_only  \" data-element-id=\"617\" style=\"\"><i class=\"pvc-stats-icon medium\" aria-hidden=\"true\"><svg aria-hidden=\"true\" focusable=\"false\" data-prefix=\"far\" data-icon=\"chart-bar\" role=\"img\" xmlns=\"http:\/\/www.w3.org\/2000\/svg\" viewBox=\"0 0 512 512\" class=\"svg-inline--fa fa-chart-bar fa-w-16 fa-2x\"><path fill=\"currentColor\" d=\"M396.8 352h22.4c6.4 0 12.8-6.4 12.8-12.8V108.8c0-6.4-6.4-12.8-12.8-12.8h-22.4c-6.4 0-12.8 6.4-12.8 12.8v230.4c0 6.4 6.4 12.8 12.8 12.8zm-192 0h22.4c6.4 0 12.8-6.4 12.8-12.8V140.8c0-6.4-6.4-12.8-12.8-12.8h-22.4c-6.4 0-12.8 6.4-12.8 12.8v198.4c0 6.4 6.4 12.8 12.8 12.8zm96 0h22.4c6.4 0 12.8-6.4 12.8-12.8V204.8c0-6.4-6.4-12.8-12.8-12.8h-22.4c-6.4 0-12.8 6.4-12.8 12.8v134.4c0 6.4 6.4 12.8 12.8 12.8zM496 400H48V80c0-8.84-7.16-16-16-16H16C7.16 64 0 71.16 0 80v336c0 17.67 14.33 32 32 32h464c8.84 0 16-7.16 16-16v-16c0-8.84-7.16-16-16-16zm-387.2-48h22.4c6.4 0 12.8-6.4 12.8-12.8v-70.4c0-6.4-6.4-12.8-12.8-12.8h-22.4c-6.4 0-12.8 6.4-12.8 12.8v70.4c0 6.4 6.4 12.8 12.8 12.8z\" class=\"\"><\/path><\/svg><\/i> <img loading=\"lazy\" decoding=\"async\" width=\"16\" height=\"16\" alt=\"Loading\" src=\"http:\/\/harom.tizennegy.hu\/papirusz\/wp-content\/plugins\/page-views-count\/ajax-loader-2x.gif\" border=0 \/><\/p>\n<div class=\"pvc_clear\"><\/div>\n","protected":false},"author":1,"featured_media":619,"parent":850,"menu_order":10,"comment_status":"open","ping_status":"closed","template":"","meta":{"rating_form_position":"","rating_results_position":"","mr_structured_data_type":"","footnotes":""},"class_list":["post-617","page","type-page","status-publish","has-post-thumbnail"],"multi-rating":{"mr_rating_results":[]},"jetpack_sharing_enabled":true,"_links":{"self":[{"href":"http:\/\/harom.tizennegy.hu\/papirusz\/wp-json\/wp\/v2\/pages\/617","targetHints":{"allow":["GET"]}}],"collection":[{"href":"http:\/\/harom.tizennegy.hu\/papirusz\/wp-json\/wp\/v2\/pages"}],"about":[{"href":"http:\/\/harom.tizennegy.hu\/papirusz\/wp-json\/wp\/v2\/types\/page"}],"author":[{"embeddable":true,"href":"http:\/\/harom.tizennegy.hu\/papirusz\/wp-json\/wp\/v2\/users\/1"}],"replies":[{"embeddable":true,"href":"http:\/\/harom.tizennegy.hu\/papirusz\/wp-json\/wp\/v2\/comments?post=617"}],"version-history":[{"count":7,"href":"http:\/\/harom.tizennegy.hu\/papirusz\/wp-json\/wp\/v2\/pages\/617\/revisions"}],"predecessor-version":[{"id":887,"href":"http:\/\/harom.tizennegy.hu\/papirusz\/wp-json\/wp\/v2\/pages\/617\/revisions\/887"}],"up":[{"embeddable":true,"href":"http:\/\/harom.tizennegy.hu\/papirusz\/wp-json\/wp\/v2\/pages\/850"}],"wp:featuredmedia":[{"embeddable":true,"href":"http:\/\/harom.tizennegy.hu\/papirusz\/wp-json\/wp\/v2\/media\/619"}],"wp:attachment":[{"href":"http:\/\/harom.tizennegy.hu\/papirusz\/wp-json\/wp\/v2\/media?parent=617"}],"curies":[{"name":"wp","href":"https:\/\/api.w.org\/{rel}","templated":true}]}}