{"id":566,"date":"2024-11-26T13:01:05","date_gmt":"2024-11-26T11:01:05","guid":{"rendered":"https:\/\/harom.tizennegy.hu\/papirusz\/?page_id=566"},"modified":"2025-10-09T10:45:52","modified_gmt":"2025-10-09T08:45:52","slug":"csak-meg-egy-nap-1-ciklus-2-resz","status":"publish","type":"page","link":"http:\/\/harom.tizennegy.hu\/papirusz\/tortenetek\/csak-meg-egy-nap\/elso-konyv\/csak-meg-egy-nap-1-ciklus-2-resz\/","title":{"rendered":"Csak m\u00e9g egy nap \u2013 1. ciklus \u2013 2. r\u00e9sz"},"content":{"rendered":"<div class=\"wp-block-post-date__modified-date wp-block-post-date\"><time datetime=\"2025-10-09T10:45:52+02:00\">2025. okt\u00f3ber 09.<\/time><\/div>\n\n\n<p>A kijelz\u0151n gyorsan k\u00f6vett\u00e9k egym\u00e1st a sz\u00ednes \u00e1br\u00e1k, a percek m\u00e9gis csigalass\u00fas\u00e1ggal v\u00e1ndoroltak.<\/p>\n\n\n\n<p>&#8211; \u202612.31%-os cs\u00f6kken\u00e9s\u2026<br>&#8211; \u2026n\u00f6veln\u00fcnk kell az \u00e1rr\u00e9st\u2026<br>&#8211; &#8230;16,32% visszaes\u00e9s\u2026<br>&#8211; \u2026a progn\u00f3zisok szerint\u2026<br>&#8211; \u2026a kalkul\u00e1ci\u00f3imat 42 szakmai lap elemz\u00e9s\u00e9re alapoztam\u2026<br>&#8211; \u2026nem tehetj\u00fck meg\u2026<\/p>\n\n\n\n<p>A f\u0151n\u00f6k\u00f6m \u00e9s Mikl\u00f3s mintha csak pingpongozn\u00e1nak, \u00fagy dob\u00e1lt\u00e1k egym\u00e1snak a szakszavakat \u00e9s elemz\u00e9seket. \u00c9n legal\u00e1bb negyven perccel voltam lemaradva m\u00f6g\u00f6tt\u00fck. Vagy tal\u00e1n t\u00f6bbel is.<\/p>\n\n\n\n<p>Szemem el\u0151tt ugr\u00e1ltak a k\u00e9k-z\u00f6ld-piros diagramok, t\u00e1bl\u00e1zatok, kimutat\u00e1sok \u00e9s elemz\u00e9sek. Mint valami groteszk hipn\u00f3zis.<br>\u00c9reztem, hogy a szemem kezd lecsuk\u00f3dni. F\u00e9ltem, hogy az \u00e1lom mag\u00e1val r\u00e1nt, aminek a m\u00e9ly\u00e9n valami balsejtelmes dolog v\u00e1r r\u00e1m. Valami, ami ez\u00fcstsz\u00fcrke \u00e9s borosty\u00e1nsz\u00ednben villog\u2026<\/p>\n\n\n\n<p>\u00c9les csipog\u00e1sra t\u00e9rtem magamhoz.<\/p>\n\n\n\n<p>Mikl\u00f3s elhallgatott. A f\u0151n\u00f6k el\u0151vette a mobil telefonj\u00e1t, majd kikapcsolta az id\u0151z\u00edt\u0151t.<\/p>\n\n\n\n<p>\u2013 Sajn\u00e1lom fi\u00fak \u2013 mondta. &#8211; \u00c9ppen a legizgalmasabb r\u00e9szn\u00e9l tartunk, de sajnos be kell fejezn\u00fcnk. Nemsok\u00e1ra kezd\u0151dik az online konferencia, \u00e9s addigra mindenk\u00e9ppen otthon akarok lenni. Ez nagyon fontos! K\u00f6sz\u00f6n\u00f6m mindenkinek az egy\u00fcttm\u0171k\u00f6d\u00e9st! J\u00f3 munk\u00e1t!<\/p>\n\n\n\n<p>Ezzel becsukta a laptopj\u00e1t, fel\u00e1llt, majd kiment a t\u00e1rgyal\u00f3b\u00f3l.<\/p>\n\n\n\n<p>Mikl\u00f3s lekapcsolta a kivet\u00edt\u0151t, amin \u00e9ppen egy k\u00e9k \u00e9s piros vonal kerget\u0151z\u00f6tt, majd elkezdte sz\u00e9tszedni a technik\u00e1t.<\/p>\n\n\n\n<p>Tam\u00e1s h\u00e1rom pislant\u00e1ssal jelezte, hogy visszat\u00e9rt bel\u00e9 az \u00e9let. Szinte hallottam, ahogy bel\u00fcl elindul a processzor majd felp\u00f6r\u00f6gnek a fogaskerekek.<br>N\u00e9h\u00e1ny pillanat m\u00falva a szeme f\u00f3kuszba \u00e1llt. Egy gyors mozdulattal kiegyenesedett \u00e9s p\u00e1r l\u00e9p\u00e9ssel el is hagyta a szob\u00e1t.<\/p>\n\n\n\n<p>Nekem nem ment ilyen egyszer\u0171en. A hossz\u00fa \u00fcl\u00e9sben minden tagom teljesen elg\u00e9mberedett. Alig b\u00edrtam felt\u00e1p\u00e1szkodni. F\u00e1radtan felvettem a jegyzeteimet \u00e9s a ceruz\u00e1imat, majd t\u00e1voztam.<\/p>\n\n\n\n<hr class=\"wp-block-separator has-alpha-channel-opacity\"\/>\n\n\n\n<p>Robotpil\u00f3ta m\u00f3dban botork\u00e1ltam el az asztalomig, ahol sz\u00f3 szerint belezuhantam a sz\u00e9kembe. Egy darabig csak \u00fcltem, \u00e9s pr\u00f3b\u00e1ltam visszat\u00e9rni a megszokott vil\u00e1gomba.<\/p>\n\n\n\n<p>Mindig ez t\u00f6rt\u00e9nik a megbesz\u00e9l\u00e9sek ut\u00e1n. A fejemben az elm\u00falt h\u00e1rom \u00f3ra sz\u00e1madatai m\u00e9g mindig a diagramokon k\u00f6rhint\u00e1ztak meg a grafikonokon hull\u00e1mvasutastaztak. A bels\u0151 z\u00fag\u00e1sb\u00f3l \u00edt\u00e9lve valahol m\u00e9g egy vizics\u00fazda is volt.<\/p>\n\n\n\n<p>Hi\u00e1ba \u00e9ltem m\u00e1r t\u00fal t\u00f6bb tucatnyi \u00e9rtekezletet, sosem siker\u00fclt megszoknom \u0151ket.<\/p>\n\n\n\n<p>Egy pillanatra becsuktam a szemem, de ut\u00e1na r\u00f6gt\u00f6n ki is nyitottam. M\u00e1r csak az hi\u00e1nyzott, hogy elaludjak, a koll\u00e9g\u00e1k pedig majd janu\u00e1r elej\u00e9n tal\u00e1lnak meg az asztalra borulva!<\/p>\n\n\n\n<p>Ink\u00e1bb neki\u00e1lltam elpakolni, hogy ut\u00e1na haza induljak.<br>A jegyzeteimet a fels\u0151 polcra tettem, m\u00edg az \u00fcres pap\u00edrokat a k\u00f6z\u00e9ps\u0151re. \u00d6sszeszedtem a ceruz\u00e1imat is, hogy berakjam a fi\u00f3komba. De ekkor l\u00e1ttam, hogy a pirosb\u00f3l m\u00e1r csak egy maradt.<br>Fogtam egy cetlit \u00e9s fel\u00edrtam, hogy mindenk\u00e9ppen vegyek bel\u0151le. Majd szemmagass\u00e1gba felragasztottam.<\/p>\n\n\n\n<p>Mikl\u00f3s rajongott a technik\u00e1\u00e9rt \u00e9s amit lehetett csak digit\u00e1lisan csin\u00e1lt. \u00c9n viszont szerettem a dolgokat pap\u00edrra \u00edrni. Ett\u0151l \u00fagy \u00e9reztem, hogy megfoghat\u00f3, \u00e9s jobban is \u00e1tl\u00e1ttam. Persze Mikl\u00f3s nem hagyta ki, hogy rajtam viccel\u0151dj\u00f6n ami\u00e9rt nem haladok a korral.<\/p>\n\n\n\n<p>Tompa puffan\u00e1ssal egy halom pap\u00edr landolt az asztalomon. Nem lep\u0151dtem meg, amikor feln\u00e9ztem \u00e9s a f\u0151n\u00f6k\u00f6met tal\u00e1ltam ott.<\/p>\n\n\n\n<p>\u2013 \u00d6r\u00fcl\u00f6k, hogy m\u00e9g bent tal\u00e1llak! \u2013 mondta \u2013 Tudom, hogy \u00fcnnepek vannak, de rem\u00e9lem tudsz majd egy kis id\u0151t szor\u00edtani. Nagyon fontos lenne, hogy ezeket a list\u00e1kat \u00e1tn\u00e9zd \u00e9s ellen\u0151rizd. Vas\u00e1rnap szeretn\u00e9m a sz\u00e1m\u00edt\u00e1saidat l\u00e1tni. Addigra \u00e1t tudn\u00e1d k\u00fcldeni? K\u00f6sz\u00f6n\u00f6m! Sz\u00e1m\u00edtok r\u00e1d! Mindannyian sz\u00e1m\u00edtunk r\u00e1d! Te vagy a c\u00e9g legfontosabb embere!<\/p>\n\n\n\n<p>Mire b\u00e1rmit is reag\u00e1lhattam volna, m\u00e1r tov\u00e1bb is ment, hogy Mikl\u00f3snak \u00e9s Tam\u00e1snak is \u00e1tadja a szok\u00e1sos h\u00e9tv\u00e9gi tr\u00e9ning programot.<\/p>\n\n\n\n<p>Ez r\u00e9gi hagyom\u00e1ny a c\u00e9gben, hogy a szabadnapokon is edz\u00e9sben maradunk. Csak\u00fagy, mint az olimpiai sportol\u00f3k.<br>Rendk\u00edv\u00fcl fontos, hogy ne ess\u00fcnk ki a munka ritmus\u00e1b\u00f3l!<\/p>\n\n\n\n<p>A f\u0151n\u00f6k szerint ugyanis a c\u00e9g nem m\u00e1s, mint egy \u00e9l\u0151l\u00e9ny, ahol a munka a sz\u00edv dobog\u00e1sa. Amikor pedig dolgozunk, az egy \u00f6r\u00f6k t\u00e1nc a t\u00e1ncpartnerekkel, azaz az \u00fcgyfelekkel. Ez\u00e9rt fontos, hogy ritmusban maradjunk.<\/p>\n\n\n\n<p>Valami ilyesmit mondogatott mindig. De \u00e9n egy egyszer\u0171 alkalmazott vagyok. Nem \u00e9rtek a c\u00e9gvezet\u00e9shez, \u00e9s nem tudok a filoz\u00f3fiai m\u00e9lys\u00e9gekbe se elmer\u00fclni. \u00c9n csak a munk\u00e1mat akarom rendesen elv\u00e9gezni.<\/p>\n\n\n\n<p>A f\u0151n\u00f6k\u00f6m felki\u00e1ltott, hogy mindj\u00e1rt elk\u00e9sik. Gyorsan felvette a kab\u00e1tj\u00e1t, mindenkit\u0151l elb\u00facs\u00fazott, \u00e9s kil\u00e9pett az irod\u00e1b\u00f3l.<\/p>\n\n\n\n<p>De m\u00e9g be se csuk\u00f3dott az ajt\u00f3 amikor m\u00e1r \u00fajra ott \u00e1llt el\u0151tt\u00fcnk, mert mindenk\u00e9ppen akart adni n\u00e9h\u00e1ny tan\u00e1csot a szabadid\u0151nk hasznos elt\u00f6lt\u00e9s\u00e9re. Majd feln\u00e9zett mint aki v\u00edzi\u00f3t l\u00e1t, \u00e9s nagy rem\u00e9nyekkel azt mondta:<\/p>\n\n\n\n<p>\u2013 A k\u00f6vetkez\u0151 \u00e9v\u00fcnk m\u00e9g sikeresebb lesz!<\/p>\n\n\n\n<p>Ismert\u00fck az \u00fcnnepi szertart\u00e1st \u00edgy azonnal v\u00e1laszoltunk:<\/p>\n\n\n\n<p>\u2013 \u00cdgy lesz!<\/p>\n\n\n\n<p>A c\u00e9g\u00fcnk vezet\u0151je ezut\u00e1n lenyomta a kilincset \u00e9s t\u00e1vozott.<\/p>\n\n\n\n<p>Legk\u00f6zelebb m\u00e1r csak a kalapj\u00e1\u00e9rt j\u00f6tt vissza. \u00c9s hogy elmondja, ne felejts\u00fck a mott\u00f3j\u00e1t: <em>M\u00e9g t\u00f6bbet dolgozni, m\u00e9g jobban!<\/em><\/p>\n\n\n\n<p>Ut\u00e1na t\u00e9nyleg becsukva maradt m\u00e1r az ajt\u00f3.<\/p>\n\n\n\n<p>Alig \u00e9rtem vissza az asztalomhoz, m\u00e1r hallottam a telefonom cs\u00f6rg\u00e9s\u00e9t. Engem csak k\u00e9t ember szokott h\u00edvni. Egyik az anyuk\u00e1m. A vonalban a m\u00e1sik volt:<\/p>\n\n\n\n<p>\u2013 Figyelj! Ugye a pr\u00e9mium term\u00e9keket nem felejtetted el beszedni a kirakatb\u00f3l?<br>\u2013 Nem f\u0151n\u00f6k, dehogy felejtettem el! \u2013 v\u00e1laszoltam \u2013 Ezzel kezdtem, miut\u00e1n bez\u00e1rtuk az \u00fczletet.<br>\u2013 \u00c9s betetted a p\u00e1nc\u00e9lszekr\u00e9nybe?<br>\u2013 Igen, persze!<br>\u2013 Az\u00e9rt megtenn\u00e9d, hogy ellen\u0151rz\u0151d? A kulcs ott van a szok\u00e1sos helyen. De figyelj! A v\u00e9g\u00e9n a kulcsot tedd el, ink\u00e1bb n\u00e1lad legyen az \u00fcnnepek alatt.<br>\u2013 Rendben! \u2013 mondtam, de addigra m\u00e1r bontotta a vonalat. Hallottam, hogy Mikl\u00f3s telefonja is elkezdett csipogni.<\/p>\n\n\n\n<p>Ez a f\u0151n\u00f6k\u00fcnk saj\u00e1toss\u00e1ga. Mindent t\u00f6bbsz\u00f6r ellen\u0151rz\u00f6tt a biztons\u00e1g kedv\u00e9\u00e9rt.<\/p>\n\n\n\n<p>Az igazgat\u00f3i szob\u00e1ba mentem \u00e9s kinyitottam a szekr\u00e9nyt. Alul a titkos p\u00f6ck\u00f6t megnyomva kiny\u00edlt a titkos rekesz. Kivettem a kulcsot \u00e9s a p\u00e1nc\u00e9lszekr\u00e9nyhez mentem.<\/p>\n\n\n\n<p>Az \u00e9n feladatom volt a pr\u00e9mium term\u00e9keket elpakolni. Hozz\u00e1 tartozott az esti rutinhoz. Ak\u00e1r \u00e1lmomban is meg tudtam volna csin\u00e1lni!<\/p>\n\n\n\n<p>Hirtelen meg\u00e1lltam. Az \u00e1lmomban\u2026<\/p>\n\n\n\n<p>A tudatom m\u00e9ly\u00e9n egy gondolat megmozdult, mintha figyelmeztetni akarna, hogy valami nincs rendj\u00e9n. Valami fontos elker\u00fclte a figyelmemet!<\/p>\n\n\n\n<p>K\u00f6rben\u00e9ztem, de nem tal\u00e1ltam semmi szokatlant.<\/p>\n\n\n\n<p>Izgatottan nyitottam ki a sz\u00e9fet. Ott fek\u00fcdt mind a tizenk\u00e9t doboz pontosan, ahogy eml\u00e9keztem r\u00e1juk.<\/p>\n\n\n\n<p>Minden teljesen rendben volt. Pont \u00fagy, mint minden alkalommal!<\/p>\n\n\n\n<p>Az a furcsa \u00e9rz\u00e9s azonban tov\u00e1bbra sem akart elm\u00falni.<\/p>\n\n\n\n<p>Megr\u00e1ztam a fejemet.<\/p>\n\n\n\n<p>\u2013 Biztosan a kimer\u00fclts\u00e9g! \u2013 gondoltam. \u2013 Legjobb lesz miel\u0151bb v\u00e9gre hazamenni!<\/p>\n\n\n\n<p>A kulcsot betettem a zsebembe, majd \u00e1tn\u00e9ztem a szob\u00e1t. Az ablak szok\u00e1s szerint nyitva maradt, ez\u00e9rt gyorsan bez\u00e1rtam, majd visszamentem az asztalomhoz. Mikl\u00f3s \u00e9s Tam\u00e1s addigra elt\u0171ntek.<\/p>\n\n\n\n<p>A kulcsot \u00e1traktam a t\u00e1sk\u00e1m egy j\u00f3l z\u00e1rhat\u00f3 r\u00e9sz\u00e9be, elraktam a pap\u00edrjaimat, felvettem a kab\u00e1tomat \u00e9s \u00e9n is k\u00e9sz\u00fcltem t\u00e1vozni. M\u00e9g egyszer k\u00f6rbej\u00e1rtam az irod\u00e1t, hogy egyetlen l\u00e1mpa se maradjon \u00e9gve.<\/p>\n\n\n\n<p>V\u00e9g\u00fcl \u00e9n is kil\u00e9ptem az ajt\u00f3n.<\/p>\n\n\n\n<hr class=\"wp-block-separator has-alpha-channel-opacity\"\/>\n\n\n\n<div class=\"wp-block-columns is-layout-flex wp-container-core-columns-is-layout-9d6595d7 wp-block-columns-is-layout-flex\">\n<div class=\"wp-block-column is-layout-flow wp-block-column-is-layout-flow\">\n<p><a href=\"https:\/\/harom.tizennegy.hu\/papirusz\/tortenetek\/csak-meg-egy-nap\/elso-konyv\/csak-meg-egy-nap-1-ciklus-1-resz\/\" data-type=\"page\" data-id=\"465\">El\u0151z\u0151 r\u00e9sz<\/a><\/p>\n<\/div>\n\n\n\n<div class=\"wp-block-column is-layout-flow wp-block-column-is-layout-flow\">\n<p class=\"has-text-align-center\"><a href=\"https:\/\/harom.tizennegy.hu\/papirusz\/tortenetek\/csak-meg-egy-nap\/\">Tartalomjegyz\u00e9k<\/a><\/p>\n<\/div>\n\n\n\n<div class=\"wp-block-column is-layout-flow wp-block-column-is-layout-flow\">\n<p class=\"has-text-align-right\"><a href=\"https:\/\/harom.tizennegy.hu\/papirusz\/tortenetek\/csak-meg-egy-nap\/elso-konyv\/csak-meg-egy-nap-1-ciklus-3-resz\/\" data-type=\"page\" data-id=\"578\">K\u00f6vetkez\u0151 r\u00e9sz<\/a><\/p>\n<\/div>\n<\/div>\n\n\n\n<p><\/p>\n<div class=\"pvc_clear\"><\/div><p id=\"pvc_stats_566\" class=\"pvc_stats total_only  \" data-element-id=\"566\" style=\"\"><i class=\"pvc-stats-icon medium\" aria-hidden=\"true\"><svg aria-hidden=\"true\" focusable=\"false\" data-prefix=\"far\" data-icon=\"chart-bar\" role=\"img\" xmlns=\"http:\/\/www.w3.org\/2000\/svg\" viewBox=\"0 0 512 512\" class=\"svg-inline--fa fa-chart-bar fa-w-16 fa-2x\"><path fill=\"currentColor\" d=\"M396.8 352h22.4c6.4 0 12.8-6.4 12.8-12.8V108.8c0-6.4-6.4-12.8-12.8-12.8h-22.4c-6.4 0-12.8 6.4-12.8 12.8v230.4c0 6.4 6.4 12.8 12.8 12.8zm-192 0h22.4c6.4 0 12.8-6.4 12.8-12.8V140.8c0-6.4-6.4-12.8-12.8-12.8h-22.4c-6.4 0-12.8 6.4-12.8 12.8v198.4c0 6.4 6.4 12.8 12.8 12.8zm96 0h22.4c6.4 0 12.8-6.4 12.8-12.8V204.8c0-6.4-6.4-12.8-12.8-12.8h-22.4c-6.4 0-12.8 6.4-12.8 12.8v134.4c0 6.4 6.4 12.8 12.8 12.8zM496 400H48V80c0-8.84-7.16-16-16-16H16C7.16 64 0 71.16 0 80v336c0 17.67 14.33 32 32 32h464c8.84 0 16-7.16 16-16v-16c0-8.84-7.16-16-16-16zm-387.2-48h22.4c6.4 0 12.8-6.4 12.8-12.8v-70.4c0-6.4-6.4-12.8-12.8-12.8h-22.4c-6.4 0-12.8 6.4-12.8 12.8v70.4c0 6.4 6.4 12.8 12.8 12.8z\" class=\"\"><\/path><\/svg><\/i> <img loading=\"lazy\" decoding=\"async\" width=\"16\" height=\"16\" alt=\"Loading\" src=\"http:\/\/harom.tizennegy.hu\/papirusz\/wp-content\/plugins\/page-views-count\/ajax-loader-2x.gif\" border=0 \/><\/p><div class=\"pvc_clear\"><\/div>","protected":false},"excerpt":{"rendered":"<p>A kijelz\u0151n gyorsan k\u00f6vett\u00e9k egym\u00e1st a sz\u00ednes \u00e1br\u00e1k, a percek m\u00e9gis csigalass\u00fas\u00e1ggal v\u00e1ndoroltak. &#8211; \u202612.31%-os cs\u00f6kken\u00e9s\u2026&#8211; \u2026n\u00f6veln\u00fcnk kell az \u00e1rr\u00e9st\u2026&#8211; &#8230;16,32% visszaes\u00e9s\u2026&#8211; \u2026a progn\u00f3zisok szerint\u2026&#8211; \u2026a kalkul\u00e1ci\u00f3imat 42 szakmai lap elemz\u00e9s\u00e9re alapoztam\u2026&#8211; \u2026nem tehetj\u00fck meg\u2026 A f\u0151n\u00f6k\u00f6m \u00e9s Mikl\u00f3s mintha csak pingpongozn\u00e1nak, \u00fagy dob\u00e1lt\u00e1k egym\u00e1snak a szakszavakat \u00e9s elemz\u00e9seket. \u00c9n legal\u00e1bb negyven perccel voltam lemaradva &#8230; <a title=\"Csak m\u00e9g egy nap \u2013 1. ciklus \u2013 2. r\u00e9sz\" class=\"read-more\" href=\"http:\/\/harom.tizennegy.hu\/papirusz\/tortenetek\/csak-meg-egy-nap\/elso-konyv\/csak-meg-egy-nap-1-ciklus-2-resz\/\" aria-label=\"Read more about Csak m\u00e9g egy nap \u2013 1. ciklus \u2013 2. r\u00e9sz\">Olvass tov\u00e1bb<\/a><\/p>\n<div class=\"pvc_clear\"><\/div>\n<p id=\"pvc_stats_566\" class=\"pvc_stats total_only  \" data-element-id=\"566\" style=\"\"><i class=\"pvc-stats-icon medium\" aria-hidden=\"true\"><svg aria-hidden=\"true\" focusable=\"false\" data-prefix=\"far\" data-icon=\"chart-bar\" role=\"img\" xmlns=\"http:\/\/www.w3.org\/2000\/svg\" viewBox=\"0 0 512 512\" class=\"svg-inline--fa fa-chart-bar fa-w-16 fa-2x\"><path fill=\"currentColor\" d=\"M396.8 352h22.4c6.4 0 12.8-6.4 12.8-12.8V108.8c0-6.4-6.4-12.8-12.8-12.8h-22.4c-6.4 0-12.8 6.4-12.8 12.8v230.4c0 6.4 6.4 12.8 12.8 12.8zm-192 0h22.4c6.4 0 12.8-6.4 12.8-12.8V140.8c0-6.4-6.4-12.8-12.8-12.8h-22.4c-6.4 0-12.8 6.4-12.8 12.8v198.4c0 6.4 6.4 12.8 12.8 12.8zm96 0h22.4c6.4 0 12.8-6.4 12.8-12.8V204.8c0-6.4-6.4-12.8-12.8-12.8h-22.4c-6.4 0-12.8 6.4-12.8 12.8v134.4c0 6.4 6.4 12.8 12.8 12.8zM496 400H48V80c0-8.84-7.16-16-16-16H16C7.16 64 0 71.16 0 80v336c0 17.67 14.33 32 32 32h464c8.84 0 16-7.16 16-16v-16c0-8.84-7.16-16-16-16zm-387.2-48h22.4c6.4 0 12.8-6.4 12.8-12.8v-70.4c0-6.4-6.4-12.8-12.8-12.8h-22.4c-6.4 0-12.8 6.4-12.8 12.8v70.4c0 6.4 6.4 12.8 12.8 12.8z\" class=\"\"><\/path><\/svg><\/i> <img loading=\"lazy\" decoding=\"async\" width=\"16\" height=\"16\" alt=\"Loading\" src=\"http:\/\/harom.tizennegy.hu\/papirusz\/wp-content\/plugins\/page-views-count\/ajax-loader-2x.gif\" border=0 \/><\/p>\n<div class=\"pvc_clear\"><\/div>\n","protected":false},"author":1,"featured_media":567,"parent":850,"menu_order":6,"comment_status":"closed","ping_status":"closed","template":"","meta":{"rating_form_position":"","rating_results_position":"","mr_structured_data_type":"","footnotes":""},"class_list":["post-566","page","type-page","status-publish","has-post-thumbnail"],"multi-rating":{"mr_rating_results":[]},"jetpack_sharing_enabled":true,"_links":{"self":[{"href":"http:\/\/harom.tizennegy.hu\/papirusz\/wp-json\/wp\/v2\/pages\/566","targetHints":{"allow":["GET"]}}],"collection":[{"href":"http:\/\/harom.tizennegy.hu\/papirusz\/wp-json\/wp\/v2\/pages"}],"about":[{"href":"http:\/\/harom.tizennegy.hu\/papirusz\/wp-json\/wp\/v2\/types\/page"}],"author":[{"embeddable":true,"href":"http:\/\/harom.tizennegy.hu\/papirusz\/wp-json\/wp\/v2\/users\/1"}],"replies":[{"embeddable":true,"href":"http:\/\/harom.tizennegy.hu\/papirusz\/wp-json\/wp\/v2\/comments?post=566"}],"version-history":[{"count":6,"href":"http:\/\/harom.tizennegy.hu\/papirusz\/wp-json\/wp\/v2\/pages\/566\/revisions"}],"predecessor-version":[{"id":880,"href":"http:\/\/harom.tizennegy.hu\/papirusz\/wp-json\/wp\/v2\/pages\/566\/revisions\/880"}],"up":[{"embeddable":true,"href":"http:\/\/harom.tizennegy.hu\/papirusz\/wp-json\/wp\/v2\/pages\/850"}],"wp:featuredmedia":[{"embeddable":true,"href":"http:\/\/harom.tizennegy.hu\/papirusz\/wp-json\/wp\/v2\/media\/567"}],"wp:attachment":[{"href":"http:\/\/harom.tizennegy.hu\/papirusz\/wp-json\/wp\/v2\/media?parent=566"}],"curies":[{"name":"wp","href":"https:\/\/api.w.org\/{rel}","templated":true}]}}