{"id":3,"date":"2021-12-22T13:01:25","date_gmt":"2021-12-22T13:01:25","guid":{"rendered":"http:\/\/harom.tizennegy.hu\/papirusz\/?page_id=3"},"modified":"2024-11-04T12:14:05","modified_gmt":"2024-11-04T10:14:05","slug":"adatkezelesi-tajekoztato","status":"publish","type":"page","link":"http:\/\/harom.tizennegy.hu\/papirusz\/adatkezelesi-tajekoztato\/","title":{"rendered":"Adatv\u00e9delmi Szab\u00e1lyzat: \u00cdgy S\u00fct\u00fcnk Mi!"},"content":{"rendered":"<div class=\"wp-block-post-date__modified-date wp-block-post-date\"><time datetime=\"2024-11-04T12:14:05+02:00\">2024. november 04.<\/time><\/div>\n\n\n<h2 class=\"wp-block-heading\">Kik vagyunk?<\/h2>\n\n\n\n<p>\u00dcdv\u00f6z\u00f6l a H\u00e1rom Pont Tizenn\u00e9gy Klub (azaz Pi!), avagy a <a href=\"http:\/\/harom.tizennegy.hu\/papirusz\">http:\/\/harom.tizennegy.hu\/papirusz<\/a>, ahol a bet\u0171k, a b\u00e1jtok, \u00e9s a kicsi adatdarabk\u00e1k nagy szeretettel tal\u00e1lnak otthonra. Itt minden bit, byte, hozz\u00e1sz\u00f3l\u00e1s \u00e9s adat csod\u00e1s kis elemm\u00e9 v\u00e1lik \u2013 mi csak \u00edgy h\u00edvjuk: az adatv\u00e9delmi paradicsom.<\/p>\n\n\n<div class=\"wp-block-image\">\n<figure class=\"aligncenter size-full is-resized\"><img loading=\"lazy\" decoding=\"async\" width=\"380\" height=\"380\" src=\"https:\/\/harom.tizennegy.hu\/papirusz\/wp-content\/uploads\/2024\/11\/image.png\" alt=\"\" class=\"wp-image-505\" style=\"width:200px\" srcset=\"http:\/\/harom.tizennegy.hu\/papirusz\/wp-content\/uploads\/2024\/11\/image.png 380w, http:\/\/harom.tizennegy.hu\/papirusz\/wp-content\/uploads\/2024\/11\/image-300x300.png 300w, http:\/\/harom.tizennegy.hu\/papirusz\/wp-content\/uploads\/2024\/11\/image-150x150.png 150w\" sizes=\"auto, (max-width: 380px) 100vw, 380px\" \/><\/figure>\n<\/div>\n\n\n<h2 class=\"wp-block-heading\">Hozz\u00e1sz\u00f3l\u00e1sok<\/h2>\n\n\n\n<p>L\u00e9gy sz\u00edves, nyugodtan hozz\u00e1sz\u00f3lni! Mi gy\u0171jtj\u00fck a bet\u0171ket, mert azokb\u00f3l sosem lehet el\u00e9g. Persze, nemcsak a szavaidat, de az IP-c\u00edmedet \u00e9s b\u00f6ng\u00e9sz\u0151azonos\u00edt\u00f3dat is meg\u0151rizz\u00fck, hogy a spam ne t\u00e1madjon r\u00e1nk, mint egy k\u00f3sza h\u00f3goly\u00f3 a tavaszi naps\u00fct\u00e9sben. A spamet elker\u00fclj\u00fck, mert a spam, h\u00e1t, tudod\u2026 olyan, mint a fogmos\u00e1s ut\u00e1n a narancsl\u00e9: nincs r\u00e1 sz\u00fcks\u00e9g.<\/p>\n\n\n\n<p>S\u0151t, ha haszn\u00e1ljuk a h\u00edres-neves Gravataredet, akkor az email-c\u00edmed hash-\u00e9t (ami a digit\u00e1lis zanz\u00e1s\u00edt\u00e1s titkos m\u00f3dszere) is \u00e1tk\u00fcldj\u00fck nekik. \u00cdgy megmutathatod az arcodat a kommentek mellett, de ne f\u00e9lj, egy b\u00f3lint\u00e1ssal elint\u00e9zz\u00fck az eg\u00e9szet.<\/p>\n\n\n<div class=\"wp-block-image\">\n<figure class=\"aligncenter size-full is-resized\"><img loading=\"lazy\" decoding=\"async\" width=\"394\" height=\"390\" src=\"https:\/\/harom.tizennegy.hu\/papirusz\/wp-content\/uploads\/2024\/11\/image-1.png\" alt=\"\" class=\"wp-image-507\" style=\"width:200px\" srcset=\"http:\/\/harom.tizennegy.hu\/papirusz\/wp-content\/uploads\/2024\/11\/image-1.png 394w, http:\/\/harom.tizennegy.hu\/papirusz\/wp-content\/uploads\/2024\/11\/image-1-300x297.png 300w\" sizes=\"auto, (max-width: 394px) 100vw, 394px\" \/><\/figure>\n<\/div>\n\n\n<h2 class=\"wp-block-heading\">M\u00e9dia<\/h2>\n\n\n\n<p>Ha k\u00e9pet t\u00f6ltesz fel, azt javasoljuk, hogy el\u0151tte n\u00e9zd \u00e1t, nincs-e benne v\u00e9letlen\u00fcl GPS helymeghat\u00e1roz\u00e1s. Hidd el, senki sem akar t\u00fal sok EXIF-inf\u00f3t l\u00e1tni; elv\u00e9gre nem t\u00e9rk\u00e9pet n\u00e9z\u00fcnk, hanem kedves k\u00e9peket, ugye?<\/p>\n\n\n<div class=\"wp-block-image\">\n<figure class=\"aligncenter size-full is-resized\"><img loading=\"lazy\" decoding=\"async\" width=\"387\" height=\"387\" src=\"https:\/\/harom.tizennegy.hu\/papirusz\/wp-content\/uploads\/2024\/11\/image-2.png\" alt=\"\" class=\"wp-image-508\" style=\"width:200px\" srcset=\"http:\/\/harom.tizennegy.hu\/papirusz\/wp-content\/uploads\/2024\/11\/image-2.png 387w, http:\/\/harom.tizennegy.hu\/papirusz\/wp-content\/uploads\/2024\/11\/image-2-300x300.png 300w, http:\/\/harom.tizennegy.hu\/papirusz\/wp-content\/uploads\/2024\/11\/image-2-150x150.png 150w\" sizes=\"auto, (max-width: 387px) 100vw, 387px\" \/><\/figure>\n<\/div>\n\n\n<h2 class=\"wp-block-heading\">S\u00fctik: Kis Adatmorzs\u00e1ink<\/h2>\n\n\n\n<p>Igen, mi is s\u00fcti rajong\u00f3k vagyunk, de ezek nem a csokidarabos v\u00e1ltozatok. Ha kommentelsz, elhelyez\u00fcnk n\u00e9h\u00e1nyat a g\u00e9peden, hogy legk\u00f6zelebb, ha \u00fajra \u00edrn\u00e1l, gyorsabban felismerj\u00fcnk. Olyan ez, mint egy bar\u00e1ts\u00e1gos kis eml\u00e9keztet\u0151. \u00c9rv\u00e9nyess\u00e9g\u00fck? Egy teljes \u00e9v! Kiv\u00e9ve a bejelentkez\u00e9si s\u00fctiket, amelyek k\u00e9t napot \u00e9lnek \u2013 hacsak nem nyomod meg a &#8222;Eml\u00e9kezz r\u00e1m&#8221; gombot. Akkor k\u00e9t h\u00e9tig ragaszkodunk hozz\u00e1d. \u00c9s ha kijelentkezel, ezek a s\u00fctik huss, elt\u0171nnek.<\/p>\n\n\n\n<p>Amennyiben szerkeszt\u00e9s k\u00f6zben is tal\u00e1lkozol egy kis s\u00fctivel, ne ijedj meg: az csak annyit jelent, hogy a rendszer\u00fcnk tudja, \u00e9ppen melyik bejegyz\u00e9st dolgozgatod. Nem tartalmaz szem\u00e9lyes adatokat, csak azonos\u00edt\u00f3 sz\u00e1mokat \u2013 tudod, hogy az adminisztrat\u00edv r\u00e9szletek is meglegyenek.<\/p>\n\n\n<div class=\"wp-block-image\">\n<figure class=\"aligncenter size-full is-resized\"><img loading=\"lazy\" decoding=\"async\" width=\"385\" height=\"385\" src=\"https:\/\/harom.tizennegy.hu\/papirusz\/wp-content\/uploads\/2024\/11\/image-3.png\" alt=\"\" class=\"wp-image-509\" style=\"width:200px\" srcset=\"http:\/\/harom.tizennegy.hu\/papirusz\/wp-content\/uploads\/2024\/11\/image-3.png 385w, http:\/\/harom.tizennegy.hu\/papirusz\/wp-content\/uploads\/2024\/11\/image-3-300x300.png 300w, http:\/\/harom.tizennegy.hu\/papirusz\/wp-content\/uploads\/2024\/11\/image-3-150x150.png 150w\" sizes=\"auto, (max-width: 385px) 100vw, 385px\" \/><\/figure>\n<\/div>\n\n\n<h2 class=\"wp-block-heading\">M\u00e1s Honlapokr\u00f3l Sz\u00e1rmaz\u00f3 Be\u00e1gyazott Tartalmak<\/h2>\n\n\n\n<p>Na \u00e9s igen, j\u00f6hetnek a be\u00e1gyazott tartalmak: vide\u00f3k, cikkek, k\u00e9pek, az internet nagy kincsei! Ezek pontosan \u00fagy viselkednek, mintha egy m\u00e1sik webhelyen lenn\u00e9l, sz\u00f3val ha esetleg az adott oldalak kukkolj\u00e1k a l\u00e1togat\u00f3kat (mert h\u00e1t, tudjuk, ilyen el\u0151fordul), mi csak annyit mondhatunk, hogy err\u0151l sz\u00f3l az internet vil\u00e1ga.<\/p>\n\n\n<div class=\"wp-block-image\">\n<figure class=\"aligncenter size-full is-resized\"><img loading=\"lazy\" decoding=\"async\" width=\"387\" height=\"388\" src=\"https:\/\/harom.tizennegy.hu\/papirusz\/wp-content\/uploads\/2024\/11\/image-4.png\" alt=\"\" class=\"wp-image-510\" style=\"width:200px\" srcset=\"http:\/\/harom.tizennegy.hu\/papirusz\/wp-content\/uploads\/2024\/11\/image-4.png 387w, http:\/\/harom.tizennegy.hu\/papirusz\/wp-content\/uploads\/2024\/11\/image-4-300x300.png 300w, http:\/\/harom.tizennegy.hu\/papirusz\/wp-content\/uploads\/2024\/11\/image-4-150x150.png 150w\" sizes=\"auto, (max-width: 387px) 100vw, 387px\" \/><\/figure>\n<\/div>\n\n\n<h2 class=\"wp-block-heading\">Kivel Osztjuk Meg a Felhaszn\u00e1l\u00f3i Adatokat?<\/h2>\n\n\n\n<p>\u00d3, \u00e9s ha esetleg elfelejten\u00e9d a jelszavadat, ne agg\u00f3dj: az IP-c\u00edmed is ott vir\u00edt majd a vissza\u00e1ll\u00edt\u00f3 emailben. Nyugalom, csak apr\u00f3 figyelmess\u00e9g t\u0151l\u00fcnk!<\/p>\n\n\n<div class=\"wp-block-image\">\n<figure class=\"aligncenter size-full is-resized\"><img loading=\"lazy\" decoding=\"async\" width=\"384\" height=\"383\" src=\"https:\/\/harom.tizennegy.hu\/papirusz\/wp-content\/uploads\/2024\/11\/image-5.png\" alt=\"\" class=\"wp-image-511\" style=\"width:200px\" srcset=\"http:\/\/harom.tizennegy.hu\/papirusz\/wp-content\/uploads\/2024\/11\/image-5.png 384w, http:\/\/harom.tizennegy.hu\/papirusz\/wp-content\/uploads\/2024\/11\/image-5-300x300.png 300w, http:\/\/harom.tizennegy.hu\/papirusz\/wp-content\/uploads\/2024\/11\/image-5-150x150.png 150w\" sizes=\"auto, (max-width: 384px) 100vw, 384px\" \/><\/figure>\n<\/div>\n\n\n<h2 class=\"wp-block-heading\">Mennyi Ideig \u0150rizz\u00fck a Szem\u00e9lyes Adatokat?<\/h2>\n\n\n\n<p>Hozz\u00e1sz\u00f3l\u00e1said \u00e9s az azokat \u00f6vez\u0151 titokzatos metaadataid addig maradnak itt, am\u00edg a digit\u00e1lis vil\u00e1g vel\u00fcnk van. Nem csoda, mert \u00edgy a k\u00f6vetkez\u0151 hozz\u00e1sz\u00f3l\u00e1said gyorsan \u00e9s z\u00f6kken\u0151mentesen ker\u00fclnek el\u0151. Mert h\u00e1t, tudjuk, hogy a j\u00f3 hozz\u00e1sz\u00f3l\u00e1s mindig nyomot hagy!<\/p>\n\n\n\n<p>Ha regisztr\u00e1lt felhaszn\u00e1l\u00f3 vagy, profilodban mindent elment\u00fcnk, amit sz\u00fcks\u00e9gesnek \u00edt\u00e9l\u00fcnk. Hozz\u00e1f\u00e9rhetsz, szerkesztheted, t\u00f6r\u00f6lheted, b\u00e1r a felhaszn\u00e1l\u00f3neved \u2013 az marad \u00f6r\u00f6k. Mi, a rendszergazd\u00e1k is nagy becsben tartjuk ezeket az adatokat, mintha csak a csal\u00e1di fot\u00f3album lenne.<\/p>\n\n\n<div class=\"wp-block-image\">\n<figure class=\"aligncenter size-full is-resized\"><img loading=\"lazy\" decoding=\"async\" width=\"393\" height=\"383\" src=\"https:\/\/harom.tizennegy.hu\/papirusz\/wp-content\/uploads\/2024\/11\/image-6.png\" alt=\"\" class=\"wp-image-512\" style=\"width:200px\" srcset=\"http:\/\/harom.tizennegy.hu\/papirusz\/wp-content\/uploads\/2024\/11\/image-6.png 393w, http:\/\/harom.tizennegy.hu\/papirusz\/wp-content\/uploads\/2024\/11\/image-6-300x292.png 300w\" sizes=\"auto, (max-width: 393px) 100vw, 393px\" \/><\/figure>\n<\/div>\n\n\n<h2 class=\"wp-block-heading\">Milyen Jogokkal Rendelkezik a Felhaszn\u00e1l\u00f3 a Saj\u00e1t Adatai Kapcs\u00e1n?<\/h2>\n\n\n\n<p>K\u00edv\u00e1ncsi vagy, mit \u0151rizt\u00fcnk meg r\u00f3lad? K\u00e9rd el az adatokat export f\u00e1jlban, \u00e9s gy\u00f6ny\u00f6rk\u00f6dj benn\u00fck! K\u00e9rheted azt is, hogy t\u00f6r\u00f6lj\u00fck a szem\u00e9lyes adatokat, ha \u00fagy \u00e9rzed, a digit\u00e1lis vil\u00e1gban m\u00e1r t\u00fal sokat hagyt\u00e1l magad ut\u00e1n. De persze, van p\u00e1r adat, amit k\u00f6telez\u0151en megtartunk jogi \u00e9s biztons\u00e1gi okokb\u00f3l \u2013 csak hogy minden rendben legyen.<\/p>\n\n\n<div class=\"wp-block-image\">\n<figure class=\"aligncenter size-full is-resized\"><img loading=\"lazy\" decoding=\"async\" width=\"389\" height=\"388\" src=\"https:\/\/harom.tizennegy.hu\/papirusz\/wp-content\/uploads\/2024\/11\/image-7.png\" alt=\"\" class=\"wp-image-513\" style=\"width:200px\" srcset=\"http:\/\/harom.tizennegy.hu\/papirusz\/wp-content\/uploads\/2024\/11\/image-7.png 389w, http:\/\/harom.tizennegy.hu\/papirusz\/wp-content\/uploads\/2024\/11\/image-7-300x300.png 300w, http:\/\/harom.tizennegy.hu\/papirusz\/wp-content\/uploads\/2024\/11\/image-7-150x150.png 150w\" sizes=\"auto, (max-width: 389px) 100vw, 389px\" \/><\/figure>\n<\/div>\n\n\n<h2 class=\"wp-block-heading\">Hov\u00e1 Tov\u00e1bb\u00edtjuk az Adatokat?<\/h2>\n\n\n\n<p>Na \u00e9s v\u00e9g\u00fcl, hogy ki is szagolgatja a hozz\u00e1sz\u00f3l\u00e1saidat? Bizony, az automatikus spamsz\u0171r\u0151nk! Az\u00e9rt tessz\u00fck, hogy elker\u00fclj\u00fck a k\u00e9retlen levelek \u00f6z\u00f6n\u00e9t, \u00e9s hogy az oldalunk friss, ropog\u00f3s \u00e9s spammentes maradjon.<\/p>\n\n\n<div class=\"wp-block-image\">\n<figure class=\"aligncenter size-full is-resized\"><img loading=\"lazy\" decoding=\"async\" width=\"392\" height=\"382\" src=\"https:\/\/harom.tizennegy.hu\/papirusz\/wp-content\/uploads\/2024\/11\/image-8.png\" alt=\"\" class=\"wp-image-514\" style=\"width:200px\" srcset=\"http:\/\/harom.tizennegy.hu\/papirusz\/wp-content\/uploads\/2024\/11\/image-8.png 392w, http:\/\/harom.tizennegy.hu\/papirusz\/wp-content\/uploads\/2024\/11\/image-8-300x292.png 300w\" sizes=\"auto, (max-width: 392px) 100vw, 392px\" \/><\/figure>\n<\/div><div class=\"pvc_clear\"><\/div><p id=\"pvc_stats_3\" class=\"pvc_stats total_only  \" data-element-id=\"3\" style=\"\"><i class=\"pvc-stats-icon medium\" aria-hidden=\"true\"><svg aria-hidden=\"true\" focusable=\"false\" data-prefix=\"far\" data-icon=\"chart-bar\" role=\"img\" xmlns=\"http:\/\/www.w3.org\/2000\/svg\" viewBox=\"0 0 512 512\" class=\"svg-inline--fa fa-chart-bar fa-w-16 fa-2x\"><path fill=\"currentColor\" d=\"M396.8 352h22.4c6.4 0 12.8-6.4 12.8-12.8V108.8c0-6.4-6.4-12.8-12.8-12.8h-22.4c-6.4 0-12.8 6.4-12.8 12.8v230.4c0 6.4 6.4 12.8 12.8 12.8zm-192 0h22.4c6.4 0 12.8-6.4 12.8-12.8V140.8c0-6.4-6.4-12.8-12.8-12.8h-22.4c-6.4 0-12.8 6.4-12.8 12.8v198.4c0 6.4 6.4 12.8 12.8 12.8zm96 0h22.4c6.4 0 12.8-6.4 12.8-12.8V204.8c0-6.4-6.4-12.8-12.8-12.8h-22.4c-6.4 0-12.8 6.4-12.8 12.8v134.4c0 6.4 6.4 12.8 12.8 12.8zM496 400H48V80c0-8.84-7.16-16-16-16H16C7.16 64 0 71.16 0 80v336c0 17.67 14.33 32 32 32h464c8.84 0 16-7.16 16-16v-16c0-8.84-7.16-16-16-16zm-387.2-48h22.4c6.4 0 12.8-6.4 12.8-12.8v-70.4c0-6.4-6.4-12.8-12.8-12.8h-22.4c-6.4 0-12.8 6.4-12.8 12.8v70.4c0 6.4 6.4 12.8 12.8 12.8z\" class=\"\"><\/path><\/svg><\/i> <img loading=\"lazy\" decoding=\"async\" width=\"16\" height=\"16\" alt=\"Loading\" src=\"http:\/\/harom.tizennegy.hu\/papirusz\/wp-content\/plugins\/page-views-count\/ajax-loader-2x.gif\" border=0 \/><\/p><div class=\"pvc_clear\"><\/div>","protected":false},"excerpt":{"rendered":"<p>Kik vagyunk? \u00dcdv\u00f6z\u00f6l a H\u00e1rom Pont Tizenn\u00e9gy Klub (azaz Pi!), avagy a http:\/\/harom.tizennegy.hu\/papirusz, ahol a bet\u0171k, a b\u00e1jtok, \u00e9s a kicsi adatdarabk\u00e1k nagy szeretettel tal\u00e1lnak otthonra. Itt minden bit, byte, hozz\u00e1sz\u00f3l\u00e1s \u00e9s adat csod\u00e1s kis elemm\u00e9 v\u00e1lik \u2013 mi csak \u00edgy h\u00edvjuk: az adatv\u00e9delmi paradicsom. Hozz\u00e1sz\u00f3l\u00e1sok L\u00e9gy sz\u00edves, nyugodtan hozz\u00e1sz\u00f3lni! Mi gy\u0171jtj\u00fck a bet\u0171ket, mert &#8230; <a title=\"Adatv\u00e9delmi Szab\u00e1lyzat: \u00cdgy S\u00fct\u00fcnk Mi!\" class=\"read-more\" href=\"http:\/\/harom.tizennegy.hu\/papirusz\/adatkezelesi-tajekoztato\/\" aria-label=\"Read more about Adatv\u00e9delmi Szab\u00e1lyzat: \u00cdgy S\u00fct\u00fcnk Mi!\">Olvass tov\u00e1bb<\/a><\/p>\n<div class=\"pvc_clear\"><\/div>\n<p id=\"pvc_stats_3\" class=\"pvc_stats total_only  \" data-element-id=\"3\" style=\"\"><i class=\"pvc-stats-icon medium\" aria-hidden=\"true\"><svg aria-hidden=\"true\" focusable=\"false\" data-prefix=\"far\" data-icon=\"chart-bar\" role=\"img\" xmlns=\"http:\/\/www.w3.org\/2000\/svg\" viewBox=\"0 0 512 512\" class=\"svg-inline--fa fa-chart-bar fa-w-16 fa-2x\"><path fill=\"currentColor\" d=\"M396.8 352h22.4c6.4 0 12.8-6.4 12.8-12.8V108.8c0-6.4-6.4-12.8-12.8-12.8h-22.4c-6.4 0-12.8 6.4-12.8 12.8v230.4c0 6.4 6.4 12.8 12.8 12.8zm-192 0h22.4c6.4 0 12.8-6.4 12.8-12.8V140.8c0-6.4-6.4-12.8-12.8-12.8h-22.4c-6.4 0-12.8 6.4-12.8 12.8v198.4c0 6.4 6.4 12.8 12.8 12.8zm96 0h22.4c6.4 0 12.8-6.4 12.8-12.8V204.8c0-6.4-6.4-12.8-12.8-12.8h-22.4c-6.4 0-12.8 6.4-12.8 12.8v134.4c0 6.4 6.4 12.8 12.8 12.8zM496 400H48V80c0-8.84-7.16-16-16-16H16C7.16 64 0 71.16 0 80v336c0 17.67 14.33 32 32 32h464c8.84 0 16-7.16 16-16v-16c0-8.84-7.16-16-16-16zm-387.2-48h22.4c6.4 0 12.8-6.4 12.8-12.8v-70.4c0-6.4-6.4-12.8-12.8-12.8h-22.4c-6.4 0-12.8 6.4-12.8 12.8v70.4c0 6.4 6.4 12.8 12.8 12.8z\" class=\"\"><\/path><\/svg><\/i> <img loading=\"lazy\" decoding=\"async\" width=\"16\" height=\"16\" alt=\"Loading\" src=\"http:\/\/harom.tizennegy.hu\/papirusz\/wp-content\/plugins\/page-views-count\/ajax-loader-2x.gif\" border=0 \/><\/p>\n<div class=\"pvc_clear\"><\/div>\n","protected":false},"author":1,"featured_media":0,"parent":0,"menu_order":0,"comment_status":"closed","ping_status":"open","template":"","meta":{"rating_form_position":"","rating_results_position":"","mr_structured_data_type":"","footnotes":""},"class_list":["post-3","page","type-page","status-publish"],"multi-rating":{"mr_rating_results":[]},"jetpack_sharing_enabled":true,"_links":{"self":[{"href":"http:\/\/harom.tizennegy.hu\/papirusz\/wp-json\/wp\/v2\/pages\/3","targetHints":{"allow":["GET"]}}],"collection":[{"href":"http:\/\/harom.tizennegy.hu\/papirusz\/wp-json\/wp\/v2\/pages"}],"about":[{"href":"http:\/\/harom.tizennegy.hu\/papirusz\/wp-json\/wp\/v2\/types\/page"}],"author":[{"embeddable":true,"href":"http:\/\/harom.tizennegy.hu\/papirusz\/wp-json\/wp\/v2\/users\/1"}],"replies":[{"embeddable":true,"href":"http:\/\/harom.tizennegy.hu\/papirusz\/wp-json\/wp\/v2\/comments?post=3"}],"version-history":[{"count":3,"href":"http:\/\/harom.tizennegy.hu\/papirusz\/wp-json\/wp\/v2\/pages\/3\/revisions"}],"predecessor-version":[{"id":515,"href":"http:\/\/harom.tizennegy.hu\/papirusz\/wp-json\/wp\/v2\/pages\/3\/revisions\/515"}],"wp:attachment":[{"href":"http:\/\/harom.tizennegy.hu\/papirusz\/wp-json\/wp\/v2\/media?parent=3"}],"curies":[{"name":"wp","href":"https:\/\/api.w.org\/{rel}","templated":true}]}}